{"id":79891,"date":"2025-11-11T22:43:04","date_gmt":"2025-11-11T21:43:04","guid":{"rendered":"https:\/\/www.ernstbrunn-apotheke.at\/katalog\/produkt\/allergosan-vitamin-c-tabletten-mse-500-mg-180-stk\/"},"modified":"2025-12-08T19:09:04","modified_gmt":"2025-12-08T18:09:04","slug":"allergosan-vitamin-c-tabletten-mse-500-mg-180-stk","status":"publish","type":"product","link":"https:\/\/www.ernstbrunn-apotheke.at\/katalog\/produkt\/allergosan-vitamin-c-tabletten-mse-500-mg-180-stk\/","title":{"rendered":"Allergosan Vitamin C Tabletten Mse 500 mg 180 Stk."},"content":{"rendered":"<p>Allergosan Vitamin C Tabletten Mse 500 mg erh\u00f6ht die Eisenaufnahme und tr\u00e4gt zu einem normalen Energiestoffwechsel sowie einer normalen Bildung roter Blutk\u00f6rperchen bei. Zudem unterst\u00fctzen sie das Nerven- und Immunsystem und dienen zum Schutz der Zellen vor oxidativem Stress. Zudem verringern sie M\u00fcdigkeit und Erm\u00fcdung und sorgen f\u00fcr eine normale Funktion der Blutgegf\u00e4\u00dfe, Knochen, Knorpel, Haut und Z\u00e4hne.<\/p>\n","protected":false},"excerpt":{"rendered":"<p>Allergosan Vitamin C Tabletten Mse 500 mg erh\u00f6ht die Eisenaufnahme und tr\u00e4gt zu einem normalen Energiestoffwechsel sowie einer normalen Bildung roter Blutk\u00f6rperchen bei. Zudem unterst\u00fctzen sie das Nerven- und Immunsystem und dienen zum Schutz der Zellen vor oxidativem Stress. Zudem verringern sie M\u00fcdigkeit und Erm\u00fcdung und sorgen f\u00fcr eine normale Funktion der Blutgegf\u00e4\u00dfe, Knochen, Knorpel, [&hellip;]<\/p>\n","protected":false},"featured_media":79893,"template":"","meta":{"_acf_changed":false},"product_brand":[],"product_cat":[801],"product_tag":[],"class_list":{"0":"post-79891","1":"product","2":"type-product","3":"status-publish","4":"has-post-thumbnail","6":"product_cat-a","7":"pa_packungsgroesse-180-stueck","9":"first","10":"instock","11":"shipping-taxable","12":"purchasable","13":"product-type-simple"},"acf":[],"_links":{"self":[{"href":"https:\/\/www.ernstbrunn-apotheke.at\/katalog\/wp-json\/wp\/v2\/product\/79891","targetHints":{"allow":["GET"]}}],"collection":[{"href":"https:\/\/www.ernstbrunn-apotheke.at\/katalog\/wp-json\/wp\/v2\/product"}],"about":[{"href":"https:\/\/www.ernstbrunn-apotheke.at\/katalog\/wp-json\/wp\/v2\/types\/product"}],"wp:featuredmedia":[{"embeddable":true,"href":"https:\/\/www.ernstbrunn-apotheke.at\/katalog\/wp-json\/wp\/v2\/media\/79893"}],"wp:attachment":[{"href":"https:\/\/www.ernstbrunn-apotheke.at\/katalog\/wp-json\/wp\/v2\/media?parent=79891"}],"wp:term":[{"taxonomy":"product_brand","embeddable":true,"href":"https:\/\/www.ernstbrunn-apotheke.at\/katalog\/wp-json\/wp\/v2\/product_brand?post=79891"},{"taxonomy":"product_cat","embeddable":true,"href":"https:\/\/www.ernstbrunn-apotheke.at\/katalog\/wp-json\/wp\/v2\/product_cat?post=79891"},{"taxonomy":"product_tag","embeddable":true,"href":"https:\/\/www.ernstbrunn-apotheke.at\/katalog\/wp-json\/wp\/v2\/product_tag?post=79891"}],"curies":[{"name":"wp","href":"https:\/\/api.w.org\/{rel}","templated":true}]}}