{"id":7976,"date":"2025-11-07T13:34:00","date_gmt":"2025-11-07T12:34:00","guid":{"rendered":"https:\/\/www.ernstbrunn-apotheke.at\/katalog\/produkt\/bite-away-stichheiler-stift-erzeugt-punktuell-waerme\/"},"modified":"2025-12-08T13:24:41","modified_gmt":"2025-12-08T12:24:41","slug":"bite-away-stichheiler-stift-erzeugt-punktuell-waerme","status":"publish","type":"product","link":"https:\/\/www.ernstbrunn-apotheke.at\/katalog\/produkt\/bite-away-stichheiler-stift-erzeugt-punktuell-waerme\/","title":{"rendered":"BITE AWAY &#8211; Stichheiler Stift &#8211; erzeugt punktuell W\u00e4rme"},"content":{"rendered":"<p>BITE AWAY\u00ae Stift ist ein elektronisches Ger\u00e4t zur \u00e4u\u00dferlichen Behandlung von Insektenstichen und -bissen von M\u00fccken, Moskitos, Wespen, Hornissen und Bremsen.<\/p>\n","protected":false},"excerpt":{"rendered":"<p>BITE AWAY\u00ae Stift ist ein elektronisches Ger\u00e4t zur \u00e4u\u00dferlichen Behandlung von Insektenstichen und -bissen von M\u00fccken, Moskitos, Wespen, Hornissen und Bremsen.<\/p>\n","protected":false},"featured_media":7978,"template":"","meta":{"_acf_changed":false},"product_brand":[],"product_cat":[802],"product_tag":[],"class_list":{"0":"post-7976","1":"product","2":"type-product","3":"status-publish","4":"has-post-thumbnail","6":"product_cat-b","7":"pa_packungsgroesse-1-stueck","9":"first","10":"instock","11":"shipping-taxable","12":"purchasable","13":"product-type-simple"},"acf":[],"_links":{"self":[{"href":"https:\/\/www.ernstbrunn-apotheke.at\/katalog\/wp-json\/wp\/v2\/product\/7976","targetHints":{"allow":["GET"]}}],"collection":[{"href":"https:\/\/www.ernstbrunn-apotheke.at\/katalog\/wp-json\/wp\/v2\/product"}],"about":[{"href":"https:\/\/www.ernstbrunn-apotheke.at\/katalog\/wp-json\/wp\/v2\/types\/product"}],"wp:featuredmedia":[{"embeddable":true,"href":"https:\/\/www.ernstbrunn-apotheke.at\/katalog\/wp-json\/wp\/v2\/media\/7978"}],"wp:attachment":[{"href":"https:\/\/www.ernstbrunn-apotheke.at\/katalog\/wp-json\/wp\/v2\/media?parent=7976"}],"wp:term":[{"taxonomy":"product_brand","embeddable":true,"href":"https:\/\/www.ernstbrunn-apotheke.at\/katalog\/wp-json\/wp\/v2\/product_brand?post=7976"},{"taxonomy":"product_cat","embeddable":true,"href":"https:\/\/www.ernstbrunn-apotheke.at\/katalog\/wp-json\/wp\/v2\/product_cat?post=7976"},{"taxonomy":"product_tag","embeddable":true,"href":"https:\/\/www.ernstbrunn-apotheke.at\/katalog\/wp-json\/wp\/v2\/product_tag?post=7976"}],"curies":[{"name":"wp","href":"https:\/\/api.w.org\/{rel}","templated":true}]}}