{"id":79551,"date":"2025-11-11T22:37:41","date_gmt":"2025-11-11T21:37:41","guid":{"rendered":"https:\/\/www.ernstbrunn-apotheke.at\/katalog\/produkt\/tetesept-heisse-zitrone-mit-ingwer-30-g\/"},"modified":"2025-12-08T19:06:48","modified_gmt":"2025-12-08T18:06:48","slug":"tetesept-heisse-zitrone-mit-ingwer-30-g","status":"publish","type":"product","link":"https:\/\/www.ernstbrunn-apotheke.at\/katalog\/produkt\/tetesept-heisse-zitrone-mit-ingwer-30-g\/","title":{"rendered":"Tetesept Hei\u00dfe Zitrone mit Ingwer 30 g"},"content":{"rendered":"<p>Tetesept Hei\u00dfe Zitrone mit Ingwer st\u00e4rkt und vitalisiert die Abwehrkr\u00e4fte und unterst\u00fctzt wirksam die nat\u00fcrliche Immunfunktion des K\u00f6rpers. Insbesondere in der nassen und kalten Jahreszeit spendet das angenehm schmeckende Hei\u00dfgetr\u00e4nk wohltuende W\u00e4rme f\u00fcr Hals und Rachen. Zus\u00e4tzlich ist das Produkt besonders reich an Vitamin C sowie Zink und zuckerfrei &#8211; dieses und weitere Produkte tetesept mit hohem Rabatt bestellen!<\/p>\n","protected":false},"excerpt":{"rendered":"<p>Tetesept Hei\u00dfe Zitrone mit Ingwer st\u00e4rkt und vitalisiert die Abwehrkr\u00e4fte und unterst\u00fctzt wirksam die nat\u00fcrliche Immunfunktion des K\u00f6rpers. Insbesondere in der nassen und kalten Jahreszeit spendet das angenehm schmeckende Hei\u00dfgetr\u00e4nk wohltuende W\u00e4rme f\u00fcr Hals und Rachen. Zus\u00e4tzlich ist das Produkt besonders reich an Vitamin C sowie Zink und zuckerfrei &#8211; dieses und weitere Produkte tetesept [&hellip;]<\/p>\n","protected":false},"featured_media":79553,"template":"","meta":{"_acf_changed":false},"product_brand":[487],"product_cat":[798],"product_tag":[],"class_list":{"0":"post-79551","1":"product","2":"type-product","3":"status-publish","4":"has-post-thumbnail","6":"product_brand-tetesept","7":"product_cat-t","8":"pa_packungsgroesse-10-beutel","10":"first","11":"instock","12":"shipping-taxable","13":"purchasable","14":"product-type-simple"},"acf":[],"_links":{"self":[{"href":"https:\/\/www.ernstbrunn-apotheke.at\/katalog\/wp-json\/wp\/v2\/product\/79551","targetHints":{"allow":["GET"]}}],"collection":[{"href":"https:\/\/www.ernstbrunn-apotheke.at\/katalog\/wp-json\/wp\/v2\/product"}],"about":[{"href":"https:\/\/www.ernstbrunn-apotheke.at\/katalog\/wp-json\/wp\/v2\/types\/product"}],"wp:featuredmedia":[{"embeddable":true,"href":"https:\/\/www.ernstbrunn-apotheke.at\/katalog\/wp-json\/wp\/v2\/media\/79553"}],"wp:attachment":[{"href":"https:\/\/www.ernstbrunn-apotheke.at\/katalog\/wp-json\/wp\/v2\/media?parent=79551"}],"wp:term":[{"taxonomy":"product_brand","embeddable":true,"href":"https:\/\/www.ernstbrunn-apotheke.at\/katalog\/wp-json\/wp\/v2\/product_brand?post=79551"},{"taxonomy":"product_cat","embeddable":true,"href":"https:\/\/www.ernstbrunn-apotheke.at\/katalog\/wp-json\/wp\/v2\/product_cat?post=79551"},{"taxonomy":"product_tag","embeddable":true,"href":"https:\/\/www.ernstbrunn-apotheke.at\/katalog\/wp-json\/wp\/v2\/product_tag?post=79551"}],"curies":[{"name":"wp","href":"https:\/\/api.w.org\/{rel}","templated":true}]}}