{"id":78726,"date":"2025-11-11T22:21:36","date_gmt":"2025-11-11T21:21:36","guid":{"rendered":"https:\/\/www.ernstbrunn-apotheke.at\/katalog\/produkt\/zeinpharma-msm-1000-mg-kapseln-120-stk\/"},"modified":"2025-12-08T19:01:25","modified_gmt":"2025-12-08T18:01:25","slug":"zeinpharma-msm-1000-mg-kapseln-120-stk","status":"publish","type":"product","link":"https:\/\/www.ernstbrunn-apotheke.at\/katalog\/produkt\/zeinpharma-msm-1000-mg-kapseln-120-stk\/","title":{"rendered":"ZeinPharma MSM 1000 mg Kapseln 120 Stk."},"content":{"rendered":"<p>ZeinPharma MSM 1000 mg dienen der Ern\u00e4hrung. Die MSM Verbinung ist biologisch, man findet es z.B. in einigen Fr\u00fcchten, Milchprodukten oder Getreide vor. Bei Hitze, langer Lagerung oder Zubereitung dieser Lebensmittel ist es \u00e4hnlich nat\u00fcrlicher Vitamine instabil. MSM als Nahrungserg\u00e4nzungsmittel ist in Pulver oder in Tabletten Form vor allem bei Sportlern und sportlich aktiven Menschen sehr beliebt, die mit der Einnahme einfacher ein mineralisches Gleichgewicht erlangen.<\/p>\n","protected":false},"excerpt":{"rendered":"<p>ZeinPharma MSM 1000 mg dienen der Ern\u00e4hrung. Die MSM Verbinung ist biologisch, man findet es z.B. in einigen Fr\u00fcchten, Milchprodukten oder Getreide vor. Bei Hitze, langer Lagerung oder Zubereitung dieser Lebensmittel ist es \u00e4hnlich nat\u00fcrlicher Vitamine instabil. MSM als Nahrungserg\u00e4nzungsmittel ist in Pulver oder in Tabletten Form vor allem bei Sportlern und sportlich aktiven Menschen [&hellip;]<\/p>\n","protected":false},"featured_media":78728,"template":"","meta":{"_acf_changed":false},"product_brand":[],"product_cat":[803],"product_tag":[],"class_list":{"0":"post-78726","1":"product","2":"type-product","3":"status-publish","4":"has-post-thumbnail","6":"product_cat-z","7":"pa_packungsgroesse-120-stueck","9":"first","10":"instock","11":"shipping-taxable","12":"purchasable","13":"product-type-simple"},"acf":[],"_links":{"self":[{"href":"https:\/\/www.ernstbrunn-apotheke.at\/katalog\/wp-json\/wp\/v2\/product\/78726","targetHints":{"allow":["GET"]}}],"collection":[{"href":"https:\/\/www.ernstbrunn-apotheke.at\/katalog\/wp-json\/wp\/v2\/product"}],"about":[{"href":"https:\/\/www.ernstbrunn-apotheke.at\/katalog\/wp-json\/wp\/v2\/types\/product"}],"wp:featuredmedia":[{"embeddable":true,"href":"https:\/\/www.ernstbrunn-apotheke.at\/katalog\/wp-json\/wp\/v2\/media\/78728"}],"wp:attachment":[{"href":"https:\/\/www.ernstbrunn-apotheke.at\/katalog\/wp-json\/wp\/v2\/media?parent=78726"}],"wp:term":[{"taxonomy":"product_brand","embeddable":true,"href":"https:\/\/www.ernstbrunn-apotheke.at\/katalog\/wp-json\/wp\/v2\/product_brand?post=78726"},{"taxonomy":"product_cat","embeddable":true,"href":"https:\/\/www.ernstbrunn-apotheke.at\/katalog\/wp-json\/wp\/v2\/product_cat?post=78726"},{"taxonomy":"product_tag","embeddable":true,"href":"https:\/\/www.ernstbrunn-apotheke.at\/katalog\/wp-json\/wp\/v2\/product_tag?post=78726"}],"curies":[{"name":"wp","href":"https:\/\/api.w.org\/{rel}","templated":true}]}}