{"id":77405,"date":"2025-11-11T21:58:29","date_gmt":"2025-11-11T20:58:29","guid":{"rendered":"https:\/\/www.ernstbrunn-apotheke.at\/katalog\/produkt\/allpresan-skin-handcreme-intensiv-milch-und-honig-100-ml\/"},"modified":"2025-12-08T18:52:59","modified_gmt":"2025-12-08T17:52:59","slug":"allpresan-skin-handcreme-intensiv-milch-und-honig-100-ml","status":"publish","type":"product","link":"https:\/\/www.ernstbrunn-apotheke.at\/katalog\/produkt\/allpresan-skin-handcreme-intensiv-milch-und-honig-100-ml\/","title":{"rendered":"Allpresan Skin Handcreme intensiv Milch und Honig 100 ml"},"content":{"rendered":"<p>Allpresan Skin Handcreme intensiv Milch und Honig ist eine Wohlf\u00fchlpflege mit wertvollen Wirkstoffen aus Milch und Honig, Hyalurons\u00e4ure und Urea. Die Pflege verw\u00f6hnt die Haut wirksam mit intensiver Feuchtigkeit. Zudem macht sie die Haut sp\u00fcrbar zarter und sch\u00fctzt sie zugleich vor \u00e4u\u00dferen Einfl\u00fcssen.<\/p>\n","protected":false},"excerpt":{"rendered":"<p>Allpresan Skin Handcreme intensiv Milch und Honig ist eine Wohlf\u00fchlpflege mit wertvollen Wirkstoffen aus Milch und Honig, Hyalurons\u00e4ure und Urea. Die Pflege verw\u00f6hnt die Haut wirksam mit intensiver Feuchtigkeit. Zudem macht sie die Haut sp\u00fcrbar zarter und sch\u00fctzt sie zugleich vor \u00e4u\u00dferen Einfl\u00fcssen.<\/p>\n","protected":false},"featured_media":77407,"template":"","meta":{"_acf_changed":false},"product_brand":[],"product_cat":[801],"product_tag":[],"class_list":{"0":"post-77405","1":"product","2":"type-product","3":"status-publish","4":"has-post-thumbnail","6":"product_cat-a","7":"pa_packungsgroesse-100ml","9":"first","10":"instock","11":"shipping-taxable","12":"purchasable","13":"product-type-simple"},"acf":[],"_links":{"self":[{"href":"https:\/\/www.ernstbrunn-apotheke.at\/katalog\/wp-json\/wp\/v2\/product\/77405","targetHints":{"allow":["GET"]}}],"collection":[{"href":"https:\/\/www.ernstbrunn-apotheke.at\/katalog\/wp-json\/wp\/v2\/product"}],"about":[{"href":"https:\/\/www.ernstbrunn-apotheke.at\/katalog\/wp-json\/wp\/v2\/types\/product"}],"wp:featuredmedia":[{"embeddable":true,"href":"https:\/\/www.ernstbrunn-apotheke.at\/katalog\/wp-json\/wp\/v2\/media\/77407"}],"wp:attachment":[{"href":"https:\/\/www.ernstbrunn-apotheke.at\/katalog\/wp-json\/wp\/v2\/media?parent=77405"}],"wp:term":[{"taxonomy":"product_brand","embeddable":true,"href":"https:\/\/www.ernstbrunn-apotheke.at\/katalog\/wp-json\/wp\/v2\/product_brand?post=77405"},{"taxonomy":"product_cat","embeddable":true,"href":"https:\/\/www.ernstbrunn-apotheke.at\/katalog\/wp-json\/wp\/v2\/product_cat?post=77405"},{"taxonomy":"product_tag","embeddable":true,"href":"https:\/\/www.ernstbrunn-apotheke.at\/katalog\/wp-json\/wp\/v2\/product_tag?post=77405"}],"curies":[{"name":"wp","href":"https:\/\/api.w.org\/{rel}","templated":true}]}}