{"id":77336,"date":"2025-11-11T21:56:54","date_gmt":"2025-11-11T20:56:54","guid":{"rendered":"https:\/\/www.ernstbrunn-apotheke.at\/katalog\/produkt\/madara-clarifying-toner-200-ml\/"},"modified":"2025-12-08T18:52:39","modified_gmt":"2025-12-08T17:52:39","slug":"madara-clarifying-toner-200-ml","status":"publish","type":"product","link":"https:\/\/www.ernstbrunn-apotheke.at\/katalog\/produkt\/madara-clarifying-toner-200-ml\/","title":{"rendered":"Madara Clarifying Toner 200 ml"},"content":{"rendered":"<p>Madara Clarifying Toner ist ein tiefreinigendes Gesichtswasser, das sich besonders gut f\u00fcr \u00f6lige Mischhaut eignet. Es mindert st\u00f6renden Glanz, verfeinert die Poren und reguliert den pH-Wert Ihrer Haut. Das Ergebnis: Ihre Haut wird widerstandsf\u00e4higer gegen Unreinheiten.<\/p>\n","protected":false},"excerpt":{"rendered":"<p>Madara Clarifying Toner ist ein tiefreinigendes Gesichtswasser, das sich besonders gut f\u00fcr \u00f6lige Mischhaut eignet. Es mindert st\u00f6renden Glanz, verfeinert die Poren und reguliert den pH-Wert Ihrer Haut. Das Ergebnis: Ihre Haut wird widerstandsf\u00e4higer gegen Unreinheiten.<\/p>\n","protected":false},"featured_media":77338,"template":"","meta":{"_acf_changed":false},"product_brand":[1253],"product_cat":[800],"product_tag":[],"class_list":{"0":"post-77336","1":"product","2":"type-product","3":"status-publish","4":"has-post-thumbnail","6":"product_brand-madara","7":"product_cat-m","8":"pa_packungsgroesse-200ml","10":"first","11":"instock","12":"shipping-taxable","13":"purchasable","14":"product-type-simple"},"acf":[],"_links":{"self":[{"href":"https:\/\/www.ernstbrunn-apotheke.at\/katalog\/wp-json\/wp\/v2\/product\/77336","targetHints":{"allow":["GET"]}}],"collection":[{"href":"https:\/\/www.ernstbrunn-apotheke.at\/katalog\/wp-json\/wp\/v2\/product"}],"about":[{"href":"https:\/\/www.ernstbrunn-apotheke.at\/katalog\/wp-json\/wp\/v2\/types\/product"}],"wp:featuredmedia":[{"embeddable":true,"href":"https:\/\/www.ernstbrunn-apotheke.at\/katalog\/wp-json\/wp\/v2\/media\/77338"}],"wp:attachment":[{"href":"https:\/\/www.ernstbrunn-apotheke.at\/katalog\/wp-json\/wp\/v2\/media?parent=77336"}],"wp:term":[{"taxonomy":"product_brand","embeddable":true,"href":"https:\/\/www.ernstbrunn-apotheke.at\/katalog\/wp-json\/wp\/v2\/product_brand?post=77336"},{"taxonomy":"product_cat","embeddable":true,"href":"https:\/\/www.ernstbrunn-apotheke.at\/katalog\/wp-json\/wp\/v2\/product_cat?post=77336"},{"taxonomy":"product_tag","embeddable":true,"href":"https:\/\/www.ernstbrunn-apotheke.at\/katalog\/wp-json\/wp\/v2\/product_tag?post=77336"}],"curies":[{"name":"wp","href":"https:\/\/api.w.org\/{rel}","templated":true}]}}