{"id":7697,"date":"2025-11-07T13:29:20","date_gmt":"2025-11-07T12:29:20","guid":{"rendered":"https:\/\/www.ernstbrunn-apotheke.at\/katalog\/produkt\/junek-melatonin-3mg-kapseln-zur-behandlung-von-jetlag-empfindungen-30-stk\/"},"modified":"2025-12-08T13:24:13","modified_gmt":"2025-12-08T12:24:13","slug":"junek-melatonin-3mg-kapseln-zur-behandlung-von-jetlag-empfindungen-30-stk","status":"publish","type":"product","link":"https:\/\/www.ernstbrunn-apotheke.at\/katalog\/produkt\/junek-melatonin-3mg-kapseln-zur-behandlung-von-jetlag-empfindungen-30-stk\/","title":{"rendered":"Junek MELATONIN 3mg Kapseln zur Behandlung von Jetlag Empfindungen &#8211; 30 Stk"},"content":{"rendered":"<p>Melatonin Junek 3 mg Kapseln ist ein di\u00e4tetisches Lebensmittel f\u00fcr besondere medizinische Zwecke zur Behandlung von Jetlag. Das in den Kapseln enthaltene Melatonin tr\u00e4gt zur Linderung der subjektiven Jetlag-Empfindung bei und hilft, den circadianen Rhythmus zu regulieren.<\/p>\n","protected":false},"excerpt":{"rendered":"<p>Melatonin Junek 3 mg Kapseln ist ein di\u00e4tetisches Lebensmittel f\u00fcr besondere medizinische Zwecke zur Behandlung von Jetlag. Das in den Kapseln enthaltene Melatonin tr\u00e4gt zur Linderung der subjektiven Jetlag-Empfindung bei und hilft, den circadianen Rhythmus zu regulieren.<\/p>\n","protected":false},"featured_media":7699,"template":"","meta":{"_acf_changed":false},"product_brand":[],"product_cat":[947],"product_tag":[],"class_list":{"0":"post-7697","1":"product","2":"type-product","3":"status-publish","4":"has-post-thumbnail","6":"product_cat-j","7":"pa_packungsgroesse-30-stueck","9":"first","10":"instock","11":"shipping-taxable","12":"purchasable","13":"product-type-simple"},"acf":[],"_links":{"self":[{"href":"https:\/\/www.ernstbrunn-apotheke.at\/katalog\/wp-json\/wp\/v2\/product\/7697","targetHints":{"allow":["GET"]}}],"collection":[{"href":"https:\/\/www.ernstbrunn-apotheke.at\/katalog\/wp-json\/wp\/v2\/product"}],"about":[{"href":"https:\/\/www.ernstbrunn-apotheke.at\/katalog\/wp-json\/wp\/v2\/types\/product"}],"wp:featuredmedia":[{"embeddable":true,"href":"https:\/\/www.ernstbrunn-apotheke.at\/katalog\/wp-json\/wp\/v2\/media\/7699"}],"wp:attachment":[{"href":"https:\/\/www.ernstbrunn-apotheke.at\/katalog\/wp-json\/wp\/v2\/media?parent=7697"}],"wp:term":[{"taxonomy":"product_brand","embeddable":true,"href":"https:\/\/www.ernstbrunn-apotheke.at\/katalog\/wp-json\/wp\/v2\/product_brand?post=7697"},{"taxonomy":"product_cat","embeddable":true,"href":"https:\/\/www.ernstbrunn-apotheke.at\/katalog\/wp-json\/wp\/v2\/product_cat?post=7697"},{"taxonomy":"product_tag","embeddable":true,"href":"https:\/\/www.ernstbrunn-apotheke.at\/katalog\/wp-json\/wp\/v2\/product_tag?post=7697"}],"curies":[{"name":"wp","href":"https:\/\/api.w.org\/{rel}","templated":true}]}}