{"id":76951,"date":"2025-11-11T21:49:41","date_gmt":"2025-11-11T20:49:41","guid":{"rendered":"https:\/\/www.ernstbrunn-apotheke.at\/katalog\/produkt\/casida-epsom-salz-relaxbad-badesalz-fuer-fuss-vollbaeder-1000g\/"},"modified":"2025-12-08T18:50:20","modified_gmt":"2025-12-08T17:50:20","slug":"casida-epsom-salz-relaxbad-badesalz-fuer-fuss-vollbaeder-1000g","status":"publish","type":"product","link":"https:\/\/www.ernstbrunn-apotheke.at\/katalog\/produkt\/casida-epsom-salz-relaxbad-badesalz-fuer-fuss-vollbaeder-1000g\/","title":{"rendered":"Casida EPSOM SALZ RELAXBAD Badesalz f\u00fcr Fu\u00df- &#038; Vollb\u00e4der &#8211; 1000g"},"content":{"rendered":"<p>Das Relaxbad aus Original Epsom Salz und nat\u00fcrlichem Lavendel\u00f6l entspannt K\u00f6rper &#038; Geist und beruhigt die Sinne. Ideal bei Ersch\u00f6pfung und Stress.<\/p>\n","protected":false},"excerpt":{"rendered":"<p>Das Relaxbad aus Original Epsom Salz und nat\u00fcrlichem Lavendel\u00f6l entspannt K\u00f6rper &#038; Geist und beruhigt die Sinne. Ideal bei Ersch\u00f6pfung und Stress.<\/p>\n","protected":false},"featured_media":76953,"template":"","meta":{"_acf_changed":false},"product_brand":[],"product_cat":[812],"product_tag":[],"class_list":{"0":"post-76951","1":"product","2":"type-product","3":"status-publish","4":"has-post-thumbnail","6":"product_cat-c","7":"pa_packungsgroesse-1kg","9":"first","10":"instock","11":"shipping-taxable","12":"purchasable","13":"product-type-simple"},"acf":[],"_links":{"self":[{"href":"https:\/\/www.ernstbrunn-apotheke.at\/katalog\/wp-json\/wp\/v2\/product\/76951","targetHints":{"allow":["GET"]}}],"collection":[{"href":"https:\/\/www.ernstbrunn-apotheke.at\/katalog\/wp-json\/wp\/v2\/product"}],"about":[{"href":"https:\/\/www.ernstbrunn-apotheke.at\/katalog\/wp-json\/wp\/v2\/types\/product"}],"wp:featuredmedia":[{"embeddable":true,"href":"https:\/\/www.ernstbrunn-apotheke.at\/katalog\/wp-json\/wp\/v2\/media\/76953"}],"wp:attachment":[{"href":"https:\/\/www.ernstbrunn-apotheke.at\/katalog\/wp-json\/wp\/v2\/media?parent=76951"}],"wp:term":[{"taxonomy":"product_brand","embeddable":true,"href":"https:\/\/www.ernstbrunn-apotheke.at\/katalog\/wp-json\/wp\/v2\/product_brand?post=76951"},{"taxonomy":"product_cat","embeddable":true,"href":"https:\/\/www.ernstbrunn-apotheke.at\/katalog\/wp-json\/wp\/v2\/product_cat?post=76951"},{"taxonomy":"product_tag","embeddable":true,"href":"https:\/\/www.ernstbrunn-apotheke.at\/katalog\/wp-json\/wp\/v2\/product_tag?post=76951"}],"curies":[{"name":"wp","href":"https:\/\/api.w.org\/{rel}","templated":true}]}}