{"id":76753,"date":"2025-11-11T21:35:39","date_gmt":"2025-11-11T20:35:39","guid":{"rendered":"https:\/\/www.ernstbrunn-apotheke.at\/katalog\/produkt\/baldrian-120mg-kapseln-2\/"},"modified":"2025-12-08T18:49:12","modified_gmt":"2025-12-08T17:49:12","slug":"baldrian-120mg-kapseln-2","status":"publish","type":"product","link":"https:\/\/www.ernstbrunn-apotheke.at\/katalog\/produkt\/baldrian-120mg-kapseln-2\/","title":{"rendered":"Baldrian 120mg Kapseln"},"content":{"rendered":"<p>Gall Pharma Baldrian 120 mg Kapseln 30 Stk. k\u00f6nnen durch die beruhigende Eigenschaft des Baldrians sowohl bei Schlaf- und Einschlafst\u00f6rungen Abhilfe schaffen, als auch allgemeine Erregungszust\u00e4nde lindern und somit zu einer Verbesserung des Befindens beitragen. Psychische Belastung und ein Zuviel an Stress \u00e4u\u00dfern sich vielfach in einem beeintr\u00e4chtigten Schlafrhythmus sowie in psychischer Erregbarkeit, motorischer Unruhe und f\u00fchren bis hin zu Burnout.<\/p>\n","protected":false},"excerpt":{"rendered":"<p>Gall Pharma Baldrian 120 mg Kapseln 30 Stk. k\u00f6nnen durch die beruhigende Eigenschaft des Baldrians sowohl bei Schlaf- und Einschlafst\u00f6rungen Abhilfe schaffen, als auch allgemeine Erregungszust\u00e4nde lindern und somit zu einer Verbesserung des Befindens beitragen. Psychische Belastung und ein Zuviel an Stress \u00e4u\u00dfern sich vielfach in einem beeintr\u00e4chtigten Schlafrhythmus sowie in psychischer Erregbarkeit, motorischer Unruhe [&hellip;]<\/p>\n","protected":false},"featured_media":76755,"template":"","meta":{"_acf_changed":false},"product_brand":[371],"product_cat":[802],"product_tag":[],"class_list":{"0":"post-76753","1":"product","2":"type-product","3":"status-publish","4":"has-post-thumbnail","6":"product_brand-gall-pharma","7":"product_cat-b","8":"pa_packungsgroesse-30-stueck","10":"first","11":"instock","12":"shipping-taxable","13":"purchasable","14":"product-type-simple"},"acf":[],"_links":{"self":[{"href":"https:\/\/www.ernstbrunn-apotheke.at\/katalog\/wp-json\/wp\/v2\/product\/76753","targetHints":{"allow":["GET"]}}],"collection":[{"href":"https:\/\/www.ernstbrunn-apotheke.at\/katalog\/wp-json\/wp\/v2\/product"}],"about":[{"href":"https:\/\/www.ernstbrunn-apotheke.at\/katalog\/wp-json\/wp\/v2\/types\/product"}],"wp:featuredmedia":[{"embeddable":true,"href":"https:\/\/www.ernstbrunn-apotheke.at\/katalog\/wp-json\/wp\/v2\/media\/76755"}],"wp:attachment":[{"href":"https:\/\/www.ernstbrunn-apotheke.at\/katalog\/wp-json\/wp\/v2\/media?parent=76753"}],"wp:term":[{"taxonomy":"product_brand","embeddable":true,"href":"https:\/\/www.ernstbrunn-apotheke.at\/katalog\/wp-json\/wp\/v2\/product_brand?post=76753"},{"taxonomy":"product_cat","embeddable":true,"href":"https:\/\/www.ernstbrunn-apotheke.at\/katalog\/wp-json\/wp\/v2\/product_cat?post=76753"},{"taxonomy":"product_tag","embeddable":true,"href":"https:\/\/www.ernstbrunn-apotheke.at\/katalog\/wp-json\/wp\/v2\/product_tag?post=76753"}],"curies":[{"name":"wp","href":"https:\/\/api.w.org\/{rel}","templated":true}]}}