{"id":76750,"date":"2025-11-11T21:35:39","date_gmt":"2025-11-11T20:35:39","guid":{"rendered":"https:\/\/www.ernstbrunn-apotheke.at\/katalog\/produkt\/sonnentor-entspannungs-oel-aetherisches-oel-hildegard-10-ml\/"},"modified":"2025-12-08T18:49:11","modified_gmt":"2025-12-08T17:49:11","slug":"sonnentor-entspannungs-oel-aetherisches-oel-hildegard-10-ml","status":"publish","type":"product","link":"https:\/\/www.ernstbrunn-apotheke.at\/katalog\/produkt\/sonnentor-entspannungs-oel-aetherisches-oel-hildegard-10-ml\/","title":{"rendered":"Sonnentor Entspannungs-\u00d6l \u00e4therisches \u00d6l Hildegard 10 ml"},"content":{"rendered":"<p>Das Sonnentor Entspannungs-\u00d6l \u00e4therische \u00d6l Hildegard l\u00e4sst einen stressigen und anstrengenden Tag optimal ausklingen und sorgt f\u00fcr die n\u00f6tige Ruhe und Entspannung. Bergamotte und Kiefer sind die Hauptbestandteile dieser Komposition, die sich auch besonders vielseitig einsetzen l\u00e4sst: Sie verzaubert in der Duftlampe und in der Sauna oder eignet sich auch hervorragend zum Mischen von K\u00f6rper\u00f6len. Nicht zur Einnahme bestimmt!.<\/p>\n","protected":false},"excerpt":{"rendered":"<p>Das Sonnentor Entspannungs-\u00d6l \u00e4therische \u00d6l Hildegard l\u00e4sst einen stressigen und anstrengenden Tag optimal ausklingen und sorgt f\u00fcr die n\u00f6tige Ruhe und Entspannung. Bergamotte und Kiefer sind die Hauptbestandteile dieser Komposition, die sich auch besonders vielseitig einsetzen l\u00e4sst: Sie verzaubert in der Duftlampe und in der Sauna oder eignet sich auch hervorragend zum Mischen von K\u00f6rper\u00f6len. [&hellip;]<\/p>\n","protected":false},"featured_media":76752,"template":"","meta":{"_acf_changed":false},"product_brand":[925],"product_cat":[791],"product_tag":[],"class_list":{"0":"post-76750","1":"product","2":"type-product","3":"status-publish","4":"has-post-thumbnail","6":"product_brand-sonnentor","7":"product_cat-s","8":"pa_packungsgroesse-10ml","10":"first","11":"instock","12":"shipping-taxable","13":"purchasable","14":"product-type-simple"},"acf":[],"_links":{"self":[{"href":"https:\/\/www.ernstbrunn-apotheke.at\/katalog\/wp-json\/wp\/v2\/product\/76750","targetHints":{"allow":["GET"]}}],"collection":[{"href":"https:\/\/www.ernstbrunn-apotheke.at\/katalog\/wp-json\/wp\/v2\/product"}],"about":[{"href":"https:\/\/www.ernstbrunn-apotheke.at\/katalog\/wp-json\/wp\/v2\/types\/product"}],"wp:featuredmedia":[{"embeddable":true,"href":"https:\/\/www.ernstbrunn-apotheke.at\/katalog\/wp-json\/wp\/v2\/media\/76752"}],"wp:attachment":[{"href":"https:\/\/www.ernstbrunn-apotheke.at\/katalog\/wp-json\/wp\/v2\/media?parent=76750"}],"wp:term":[{"taxonomy":"product_brand","embeddable":true,"href":"https:\/\/www.ernstbrunn-apotheke.at\/katalog\/wp-json\/wp\/v2\/product_brand?post=76750"},{"taxonomy":"product_cat","embeddable":true,"href":"https:\/\/www.ernstbrunn-apotheke.at\/katalog\/wp-json\/wp\/v2\/product_cat?post=76750"},{"taxonomy":"product_tag","embeddable":true,"href":"https:\/\/www.ernstbrunn-apotheke.at\/katalog\/wp-json\/wp\/v2\/product_tag?post=76750"}],"curies":[{"name":"wp","href":"https:\/\/api.w.org\/{rel}","templated":true}]}}