{"id":76556,"date":"2025-11-11T21:31:23","date_gmt":"2025-11-11T20:31:23","guid":{"rendered":"https:\/\/www.ernstbrunn-apotheke.at\/katalog\/produkt\/master-lin-gold-body-face-oil-60-ml\/"},"modified":"2025-12-08T18:48:04","modified_gmt":"2025-12-08T17:48:04","slug":"master-lin-gold-body-face-oil-60-ml","status":"publish","type":"product","link":"https:\/\/www.ernstbrunn-apotheke.at\/katalog\/produkt\/master-lin-gold-body-face-oil-60-ml\/","title":{"rendered":"Master Lin Gold Body + Face Oil 60 ml"},"content":{"rendered":"<p>Master Lin Gold Bodyface Oil wirkt positiv auf Feuchtigkeits\u00adbindeverm\u00f6gen und Elastizit\u00e4t der Haut, gl\u00e4ttet diese nachhaltig und vermittelt ein wunderbar samtiges und sinnliches Hautgef\u00fchl. Das \u00d6l unterst\u00fctzt optimal beim Aufbau von gesundem Bindegewebe und glatter, samtiger Hautstruktur. Zudem dient es als unterst\u00fctzende nat\u00fcrliche Pflege bei Schwangerschafts- und\/oder Dehnungs\u00adstreifen nach Gewichtsverlust. Auch als wohltuender Begleiter beim Saunabesuch oder Massagetermin bestens geeignet.<\/p>\n","protected":false},"excerpt":{"rendered":"<p>Master Lin Gold Bodyface Oil wirkt positiv auf Feuchtigkeits\u00adbindeverm\u00f6gen und Elastizit\u00e4t der Haut, gl\u00e4ttet diese nachhaltig und vermittelt ein wunderbar samtiges und sinnliches Hautgef\u00fchl. Das \u00d6l unterst\u00fctzt optimal beim Aufbau von gesundem Bindegewebe und glatter, samtiger Hautstruktur. Zudem dient es als unterst\u00fctzende nat\u00fcrliche Pflege bei Schwangerschafts- und\/oder Dehnungs\u00adstreifen nach Gewichtsverlust. Auch als wohltuender Begleiter beim [&hellip;]<\/p>\n","protected":false},"featured_media":76558,"template":"","meta":{"_acf_changed":false},"product_brand":[],"product_cat":[800],"product_tag":[],"class_list":{"0":"post-76556","1":"product","2":"type-product","3":"status-publish","4":"has-post-thumbnail","6":"product_cat-m","7":"pa_packungsgroesse-60ml","9":"first","10":"instock","11":"shipping-taxable","12":"purchasable","13":"product-type-simple"},"acf":[],"_links":{"self":[{"href":"https:\/\/www.ernstbrunn-apotheke.at\/katalog\/wp-json\/wp\/v2\/product\/76556","targetHints":{"allow":["GET"]}}],"collection":[{"href":"https:\/\/www.ernstbrunn-apotheke.at\/katalog\/wp-json\/wp\/v2\/product"}],"about":[{"href":"https:\/\/www.ernstbrunn-apotheke.at\/katalog\/wp-json\/wp\/v2\/types\/product"}],"wp:featuredmedia":[{"embeddable":true,"href":"https:\/\/www.ernstbrunn-apotheke.at\/katalog\/wp-json\/wp\/v2\/media\/76558"}],"wp:attachment":[{"href":"https:\/\/www.ernstbrunn-apotheke.at\/katalog\/wp-json\/wp\/v2\/media?parent=76556"}],"wp:term":[{"taxonomy":"product_brand","embeddable":true,"href":"https:\/\/www.ernstbrunn-apotheke.at\/katalog\/wp-json\/wp\/v2\/product_brand?post=76556"},{"taxonomy":"product_cat","embeddable":true,"href":"https:\/\/www.ernstbrunn-apotheke.at\/katalog\/wp-json\/wp\/v2\/product_cat?post=76556"},{"taxonomy":"product_tag","embeddable":true,"href":"https:\/\/www.ernstbrunn-apotheke.at\/katalog\/wp-json\/wp\/v2\/product_tag?post=76556"}],"curies":[{"name":"wp","href":"https:\/\/api.w.org\/{rel}","templated":true}]}}