{"id":7638,"date":"2025-11-07T13:28:20","date_gmt":"2025-11-07T12:28:20","guid":{"rendered":"https:\/\/www.ernstbrunn-apotheke.at\/katalog\/produkt\/orthomol-nemuri-granulat-mit-melatonin-verkuerzt-die-einschlafzeit\/"},"modified":"2025-12-08T13:24:07","modified_gmt":"2025-12-08T12:24:07","slug":"orthomol-nemuri-granulat-mit-melatonin-verkuerzt-die-einschlafzeit","status":"publish","type":"product","link":"https:\/\/www.ernstbrunn-apotheke.at\/katalog\/produkt\/orthomol-nemuri-granulat-mit-melatonin-verkuerzt-die-einschlafzeit\/","title":{"rendered":"Orthomol NEMURI Granulat mit Melatonin verk\u00fcrzt die Einschlafzeit"},"content":{"rendered":"<p>Orthomol Nemuri\u00ae Hei\u00dfgetr\u00e4nk-Granulat 30 Stk. ist ein Nahrungserg\u00e4nzungsmittel mit Vitamin B6, Niacin, Magnesium,Melissen-Extrakt, Hopfen-Extrakt, Gr\u00fcntee-Extrakt, Glycin und L-Tryptophan. Diese tragen zu einer normalen psychischen Funktion und einer normalen Funktion des Nervensystems bei &#8211; jetzt bestellen und bares Geld sparen!<\/p>\n","protected":false},"excerpt":{"rendered":"<p>Orthomol Nemuri\u00ae Hei\u00dfgetr\u00e4nk-Granulat 30 Stk. ist ein Nahrungserg\u00e4nzungsmittel mit Vitamin B6, Niacin, Magnesium,Melissen-Extrakt, Hopfen-Extrakt, Gr\u00fcntee-Extrakt, Glycin und L-Tryptophan. Diese tragen zu einer normalen psychischen Funktion und einer normalen Funktion des Nervensystems bei &#8211; jetzt bestellen und bares Geld sparen!<\/p>\n","protected":false},"featured_media":7640,"template":"","meta":{"_acf_changed":false},"product_brand":[387],"product_cat":[819],"product_tag":[],"class_list":{"0":"post-7638","1":"product","2":"type-product","3":"status-publish","4":"has-post-thumbnail","6":"product_brand-orthomol","7":"product_cat-o","8":"pa_packungsgroesse-30-beutel","10":"first","11":"instock","12":"shipping-taxable","13":"purchasable","14":"product-type-simple"},"acf":[],"_links":{"self":[{"href":"https:\/\/www.ernstbrunn-apotheke.at\/katalog\/wp-json\/wp\/v2\/product\/7638","targetHints":{"allow":["GET"]}}],"collection":[{"href":"https:\/\/www.ernstbrunn-apotheke.at\/katalog\/wp-json\/wp\/v2\/product"}],"about":[{"href":"https:\/\/www.ernstbrunn-apotheke.at\/katalog\/wp-json\/wp\/v2\/types\/product"}],"wp:featuredmedia":[{"embeddable":true,"href":"https:\/\/www.ernstbrunn-apotheke.at\/katalog\/wp-json\/wp\/v2\/media\/7640"}],"wp:attachment":[{"href":"https:\/\/www.ernstbrunn-apotheke.at\/katalog\/wp-json\/wp\/v2\/media?parent=7638"}],"wp:term":[{"taxonomy":"product_brand","embeddable":true,"href":"https:\/\/www.ernstbrunn-apotheke.at\/katalog\/wp-json\/wp\/v2\/product_brand?post=7638"},{"taxonomy":"product_cat","embeddable":true,"href":"https:\/\/www.ernstbrunn-apotheke.at\/katalog\/wp-json\/wp\/v2\/product_cat?post=7638"},{"taxonomy":"product_tag","embeddable":true,"href":"https:\/\/www.ernstbrunn-apotheke.at\/katalog\/wp-json\/wp\/v2\/product_tag?post=7638"}],"curies":[{"name":"wp","href":"https:\/\/api.w.org\/{rel}","templated":true}]}}