{"id":76272,"date":"2025-11-11T21:26:45","date_gmt":"2025-11-11T20:26:45","guid":{"rendered":"https:\/\/www.ernstbrunn-apotheke.at\/katalog\/produkt\/zeinpharma-gepuffertes-vitamin-c-500-mg-kapseln-90-stk\/"},"modified":"2025-12-08T18:46:33","modified_gmt":"2025-12-08T17:46:33","slug":"zeinpharma-gepuffertes-vitamin-c-500-mg-kapseln-90-stk","status":"publish","type":"product","link":"https:\/\/www.ernstbrunn-apotheke.at\/katalog\/produkt\/zeinpharma-gepuffertes-vitamin-c-500-mg-kapseln-90-stk\/","title":{"rendered":"ZeinPharma Gepuffertes Vitamin C 500 mg Kapseln 90 Stk."},"content":{"rendered":"<p>ZeinPharma Gepuffertes Vitamin C 500 mg Kapseln liefern 500 mg s\u00e4urefreies, neutrales Vitamin C als Calciumascorbat. \u00dcberzeugen Sie sich von den hervorragenden Eigenschaften unseres unter strengsten Qualit\u00e4tsstandards gefertigten Produktes.<\/p>\n","protected":false},"excerpt":{"rendered":"<p>ZeinPharma Gepuffertes Vitamin C 500 mg Kapseln liefern 500 mg s\u00e4urefreies, neutrales Vitamin C als Calciumascorbat. \u00dcberzeugen Sie sich von den hervorragenden Eigenschaften unseres unter strengsten Qualit\u00e4tsstandards gefertigten Produktes.<\/p>\n","protected":false},"featured_media":76274,"template":"","meta":{"_acf_changed":false},"product_brand":[],"product_cat":[803],"product_tag":[],"class_list":{"0":"post-76272","1":"product","2":"type-product","3":"status-publish","4":"has-post-thumbnail","6":"product_cat-z","7":"pa_packungsgroesse-90-stueck","9":"first","10":"instock","11":"shipping-taxable","12":"purchasable","13":"product-type-simple"},"acf":[],"_links":{"self":[{"href":"https:\/\/www.ernstbrunn-apotheke.at\/katalog\/wp-json\/wp\/v2\/product\/76272","targetHints":{"allow":["GET"]}}],"collection":[{"href":"https:\/\/www.ernstbrunn-apotheke.at\/katalog\/wp-json\/wp\/v2\/product"}],"about":[{"href":"https:\/\/www.ernstbrunn-apotheke.at\/katalog\/wp-json\/wp\/v2\/types\/product"}],"wp:featuredmedia":[{"embeddable":true,"href":"https:\/\/www.ernstbrunn-apotheke.at\/katalog\/wp-json\/wp\/v2\/media\/76274"}],"wp:attachment":[{"href":"https:\/\/www.ernstbrunn-apotheke.at\/katalog\/wp-json\/wp\/v2\/media?parent=76272"}],"wp:term":[{"taxonomy":"product_brand","embeddable":true,"href":"https:\/\/www.ernstbrunn-apotheke.at\/katalog\/wp-json\/wp\/v2\/product_brand?post=76272"},{"taxonomy":"product_cat","embeddable":true,"href":"https:\/\/www.ernstbrunn-apotheke.at\/katalog\/wp-json\/wp\/v2\/product_cat?post=76272"},{"taxonomy":"product_tag","embeddable":true,"href":"https:\/\/www.ernstbrunn-apotheke.at\/katalog\/wp-json\/wp\/v2\/product_tag?post=76272"}],"curies":[{"name":"wp","href":"https:\/\/api.w.org\/{rel}","templated":true}]}}