{"id":76046,"date":"2025-11-11T21:21:50","date_gmt":"2025-11-11T20:21:50","guid":{"rendered":"https:\/\/www.ernstbrunn-apotheke.at\/katalog\/produkt\/dr-hauschka-nachtserum-gesichtspflege\/"},"modified":"2025-12-08T18:45:10","modified_gmt":"2025-12-08T17:45:10","slug":"dr-hauschka-nachtserum-gesichtspflege","status":"publish","type":"product","link":"https:\/\/www.ernstbrunn-apotheke.at\/katalog\/produkt\/dr-hauschka-nachtserum-gesichtspflege\/","title":{"rendered":"Dr. Hauschka NACHTSERUM Gesichtspflege"},"content":{"rendered":"<p>Das fettfreie Nachtserum von Dr. Hauschka ist ein Basisnachtpflege-Pr\u00e4parat. Es hilft der Haut, sich zu regenerieren und zur\u00fcck zu ihrem nat\u00fcrlichen Gleichgewicht zu finden. Die duftende Komposition mit Apfelbl\u00fcte und Apfelfrucht unterst\u00fctzt den Rhythmus der Haut und begleitet durch die Nacht. Erg\u00e4nzt durch Zaubernussauszug st\u00e4rkt sie jede Haut und l\u00e4sst sie am Morgen in neuer Frische strahlen.<\/p>\n","protected":false},"excerpt":{"rendered":"<p>Das fettfreie Nachtserum von Dr. Hauschka ist ein Basisnachtpflege-Pr\u00e4parat. Es hilft der Haut, sich zu regenerieren und zur\u00fcck zu ihrem nat\u00fcrlichen Gleichgewicht zu finden. Die duftende Komposition mit Apfelbl\u00fcte und Apfelfrucht unterst\u00fctzt den Rhythmus der Haut und begleitet durch die Nacht. Erg\u00e4nzt durch Zaubernussauszug st\u00e4rkt sie jede Haut und l\u00e4sst sie am Morgen in neuer [&hellip;]<\/p>\n","protected":false},"featured_media":76048,"template":"","meta":{"_acf_changed":false},"product_brand":[679],"product_cat":[792],"product_tag":[],"class_list":{"0":"post-76046","1":"product","2":"type-product","3":"status-publish","4":"has-post-thumbnail","6":"product_brand-dr-hauschka","7":"product_cat-d","8":"pa_packungsgroesse-20ml","10":"first","11":"instock","12":"shipping-taxable","13":"purchasable","14":"product-type-simple"},"acf":[],"_links":{"self":[{"href":"https:\/\/www.ernstbrunn-apotheke.at\/katalog\/wp-json\/wp\/v2\/product\/76046","targetHints":{"allow":["GET"]}}],"collection":[{"href":"https:\/\/www.ernstbrunn-apotheke.at\/katalog\/wp-json\/wp\/v2\/product"}],"about":[{"href":"https:\/\/www.ernstbrunn-apotheke.at\/katalog\/wp-json\/wp\/v2\/types\/product"}],"wp:featuredmedia":[{"embeddable":true,"href":"https:\/\/www.ernstbrunn-apotheke.at\/katalog\/wp-json\/wp\/v2\/media\/76048"}],"wp:attachment":[{"href":"https:\/\/www.ernstbrunn-apotheke.at\/katalog\/wp-json\/wp\/v2\/media?parent=76046"}],"wp:term":[{"taxonomy":"product_brand","embeddable":true,"href":"https:\/\/www.ernstbrunn-apotheke.at\/katalog\/wp-json\/wp\/v2\/product_brand?post=76046"},{"taxonomy":"product_cat","embeddable":true,"href":"https:\/\/www.ernstbrunn-apotheke.at\/katalog\/wp-json\/wp\/v2\/product_cat?post=76046"},{"taxonomy":"product_tag","embeddable":true,"href":"https:\/\/www.ernstbrunn-apotheke.at\/katalog\/wp-json\/wp\/v2\/product_tag?post=76046"}],"curies":[{"name":"wp","href":"https:\/\/api.w.org\/{rel}","templated":true}]}}