{"id":75900,"date":"2025-11-11T21:19:43","date_gmt":"2025-11-11T20:19:43","guid":{"rendered":"https:\/\/www.ernstbrunn-apotheke.at\/katalog\/produkt\/australische-buschbluetenessenz-waratah-15-ml\/"},"modified":"2025-12-08T18:44:24","modified_gmt":"2025-12-08T17:44:24","slug":"australische-buschbluetenessenz-waratah-15-ml","status":"publish","type":"product","link":"https:\/\/www.ernstbrunn-apotheke.at\/katalog\/produkt\/australische-buschbluetenessenz-waratah-15-ml\/","title":{"rendered":"Australische Buschbl\u00fctenessenz Waratah 15 ml"},"content":{"rendered":"<p>Australische Buschbl\u00fctenessenz Waratah wirkt hilfreich bei Menschen, die auf der Schattenseite stehen und \u00e4u\u00dferst verzweifelt sind. Diese Buschbl\u00fcten geben ihnen den Mut und die Kraft, Krisen durchzustehen. Waratah hilft bei Notf\u00e4llen und gro\u00dfen Herausforderungen.<\/p>\n","protected":false},"excerpt":{"rendered":"<p>Australische Buschbl\u00fctenessenz Waratah wirkt hilfreich bei Menschen, die auf der Schattenseite stehen und \u00e4u\u00dferst verzweifelt sind. Diese Buschbl\u00fcten geben ihnen den Mut und die Kraft, Krisen durchzustehen. Waratah hilft bei Notf\u00e4llen und gro\u00dfen Herausforderungen.<\/p>\n","protected":false},"featured_media":0,"template":"","meta":{"_acf_changed":false},"product_brand":[930],"product_cat":[801],"product_tag":[],"class_list":{"0":"post-75900","1":"product","2":"type-product","3":"status-publish","5":"product_brand-australische-buschblueten","6":"product_cat-a","7":"pa_packungsgroesse-15ml","9":"first","10":"instock","11":"shipping-taxable","12":"purchasable","13":"product-type-simple"},"acf":[],"_links":{"self":[{"href":"https:\/\/www.ernstbrunn-apotheke.at\/katalog\/wp-json\/wp\/v2\/product\/75900","targetHints":{"allow":["GET"]}}],"collection":[{"href":"https:\/\/www.ernstbrunn-apotheke.at\/katalog\/wp-json\/wp\/v2\/product"}],"about":[{"href":"https:\/\/www.ernstbrunn-apotheke.at\/katalog\/wp-json\/wp\/v2\/types\/product"}],"wp:attachment":[{"href":"https:\/\/www.ernstbrunn-apotheke.at\/katalog\/wp-json\/wp\/v2\/media?parent=75900"}],"wp:term":[{"taxonomy":"product_brand","embeddable":true,"href":"https:\/\/www.ernstbrunn-apotheke.at\/katalog\/wp-json\/wp\/v2\/product_brand?post=75900"},{"taxonomy":"product_cat","embeddable":true,"href":"https:\/\/www.ernstbrunn-apotheke.at\/katalog\/wp-json\/wp\/v2\/product_cat?post=75900"},{"taxonomy":"product_tag","embeddable":true,"href":"https:\/\/www.ernstbrunn-apotheke.at\/katalog\/wp-json\/wp\/v2\/product_tag?post=75900"}],"curies":[{"name":"wp","href":"https:\/\/api.w.org\/{rel}","templated":true}]}}