{"id":7570,"date":"2025-11-07T13:14:46","date_gmt":"2025-11-07T12:14:46","guid":{"rendered":"https:\/\/www.ernstbrunn-apotheke.at\/katalog\/produkt\/nicapur-nutricoach-schlaf-kapseln-pflanzliches-schlafmittel\/"},"modified":"2025-12-08T13:23:59","modified_gmt":"2025-12-08T12:23:59","slug":"nicapur-nutricoach-schlaf-kapseln-pflanzliches-schlafmittel","status":"publish","type":"product","link":"https:\/\/www.ernstbrunn-apotheke.at\/katalog\/produkt\/nicapur-nutricoach-schlaf-kapseln-pflanzliches-schlafmittel\/","title":{"rendered":"Nicapur NUTRICOACH SCHLAF Kapseln pflanzliches Schlafmittel"},"content":{"rendered":"<p>NutriCoach\u00ae Schlaf unterst\u00fctzt nat\u00fcrlich beim Einschlafen: Mit einem Extrakt aus der Schlafbeere und der k\u00f6rpereigenen Substanz Melatonin sowie Vitamin B6 und dem Mineralstoff Magnesium. Nahrungserg\u00e4nzungsmittel. Melatonin tr\u00e4gt zur Verk\u00fcrzung der Einschlafzeit bei. Die Wirkung tritt bei der Aufnahme von 1 mg ein, wenn es kurz vor dem Zubettgehen verzehrt wird. Magnesium und Vitamin B6 unterst\u00fctzen die normale Funktion der Nerven. Die Schlafbeere (Ashwagandha) f\u00f6rdert die k\u00f6rperliche und geistige Entspannung.<\/p>\n","protected":false},"excerpt":{"rendered":"<p>NutriCoach\u00ae Schlaf unterst\u00fctzt nat\u00fcrlich beim Einschlafen: Mit einem Extrakt aus der Schlafbeere und der k\u00f6rpereigenen Substanz Melatonin sowie Vitamin B6 und dem Mineralstoff Magnesium. Nahrungserg\u00e4nzungsmittel. Melatonin tr\u00e4gt zur Verk\u00fcrzung der Einschlafzeit bei. Die Wirkung tritt bei der Aufnahme von 1 mg ein, wenn es kurz vor dem Zubettgehen verzehrt wird. Magnesium und Vitamin B6 unterst\u00fctzen [&hellip;]<\/p>\n","protected":false},"featured_media":7572,"template":"","meta":{"_acf_changed":false},"product_brand":[352],"product_cat":[797],"product_tag":[],"class_list":{"0":"post-7570","1":"product","2":"type-product","3":"status-publish","4":"has-post-thumbnail","6":"product_brand-nicapur","7":"product_cat-n","8":"pa_packungsgroesse-30-stueck","10":"first","11":"instock","12":"shipping-taxable","13":"purchasable","14":"product-type-simple"},"acf":[],"_links":{"self":[{"href":"https:\/\/www.ernstbrunn-apotheke.at\/katalog\/wp-json\/wp\/v2\/product\/7570","targetHints":{"allow":["GET"]}}],"collection":[{"href":"https:\/\/www.ernstbrunn-apotheke.at\/katalog\/wp-json\/wp\/v2\/product"}],"about":[{"href":"https:\/\/www.ernstbrunn-apotheke.at\/katalog\/wp-json\/wp\/v2\/types\/product"}],"wp:featuredmedia":[{"embeddable":true,"href":"https:\/\/www.ernstbrunn-apotheke.at\/katalog\/wp-json\/wp\/v2\/media\/7572"}],"wp:attachment":[{"href":"https:\/\/www.ernstbrunn-apotheke.at\/katalog\/wp-json\/wp\/v2\/media?parent=7570"}],"wp:term":[{"taxonomy":"product_brand","embeddable":true,"href":"https:\/\/www.ernstbrunn-apotheke.at\/katalog\/wp-json\/wp\/v2\/product_brand?post=7570"},{"taxonomy":"product_cat","embeddable":true,"href":"https:\/\/www.ernstbrunn-apotheke.at\/katalog\/wp-json\/wp\/v2\/product_cat?post=7570"},{"taxonomy":"product_tag","embeddable":true,"href":"https:\/\/www.ernstbrunn-apotheke.at\/katalog\/wp-json\/wp\/v2\/product_tag?post=7570"}],"curies":[{"name":"wp","href":"https:\/\/api.w.org\/{rel}","templated":true}]}}