{"id":75523,"date":"2025-11-11T21:12:43","date_gmt":"2025-11-11T20:12:43","guid":{"rendered":"https:\/\/www.ernstbrunn-apotheke.at\/katalog\/produkt\/garcinia-cambogia-400mg-kapseln-2\/"},"modified":"2025-12-08T18:42:05","modified_gmt":"2025-12-08T17:42:05","slug":"garcinia-cambogia-400mg-kapseln-2","status":"publish","type":"product","link":"https:\/\/www.ernstbrunn-apotheke.at\/katalog\/produkt\/garcinia-cambogia-400mg-kapseln-2\/","title":{"rendered":"Garcinia Cambogia 400mg Kapseln"},"content":{"rendered":"<p>Gall Pharma Garcinia Cambogia 400 mg Kapseln 180 Stk. enthalten 400 mg Garcinia cambogia Fruchtextrakt in einer Hartgelatinekapsel. Garcinia cambogia unterst\u00fctzt die Gewichtsreduktion w\u00e4hrend einer Di\u00e4t und verhindert den Jo-Jo-Effekt nach einer Di\u00e4t. Zudem kann es die Muskelmasse erh\u00f6hen und die Energieversorgung beim Sport verbessern .<\/p>\n","protected":false},"excerpt":{"rendered":"<p>Gall Pharma Garcinia Cambogia 400 mg Kapseln 180 Stk. enthalten 400 mg Garcinia cambogia Fruchtextrakt in einer Hartgelatinekapsel. Garcinia cambogia unterst\u00fctzt die Gewichtsreduktion w\u00e4hrend einer Di\u00e4t und verhindert den Jo-Jo-Effekt nach einer Di\u00e4t. Zudem kann es die Muskelmasse erh\u00f6hen und die Energieversorgung beim Sport verbessern .<\/p>\n","protected":false},"featured_media":75525,"template":"","meta":{"_acf_changed":false},"product_brand":[371],"product_cat":[810],"product_tag":[],"class_list":{"0":"post-75523","1":"product","2":"type-product","3":"status-publish","4":"has-post-thumbnail","6":"product_brand-gall-pharma","7":"product_cat-g","8":"pa_packungsgroesse-180-stueck","10":"first","11":"instock","12":"shipping-taxable","13":"purchasable","14":"product-type-simple"},"acf":[],"_links":{"self":[{"href":"https:\/\/www.ernstbrunn-apotheke.at\/katalog\/wp-json\/wp\/v2\/product\/75523","targetHints":{"allow":["GET"]}}],"collection":[{"href":"https:\/\/www.ernstbrunn-apotheke.at\/katalog\/wp-json\/wp\/v2\/product"}],"about":[{"href":"https:\/\/www.ernstbrunn-apotheke.at\/katalog\/wp-json\/wp\/v2\/types\/product"}],"wp:featuredmedia":[{"embeddable":true,"href":"https:\/\/www.ernstbrunn-apotheke.at\/katalog\/wp-json\/wp\/v2\/media\/75525"}],"wp:attachment":[{"href":"https:\/\/www.ernstbrunn-apotheke.at\/katalog\/wp-json\/wp\/v2\/media?parent=75523"}],"wp:term":[{"taxonomy":"product_brand","embeddable":true,"href":"https:\/\/www.ernstbrunn-apotheke.at\/katalog\/wp-json\/wp\/v2\/product_brand?post=75523"},{"taxonomy":"product_cat","embeddable":true,"href":"https:\/\/www.ernstbrunn-apotheke.at\/katalog\/wp-json\/wp\/v2\/product_cat?post=75523"},{"taxonomy":"product_tag","embeddable":true,"href":"https:\/\/www.ernstbrunn-apotheke.at\/katalog\/wp-json\/wp\/v2\/product_tag?post=75523"}],"curies":[{"name":"wp","href":"https:\/\/api.w.org\/{rel}","templated":true}]}}