{"id":75494,"date":"2025-11-11T21:12:16","date_gmt":"2025-11-11T20:12:16","guid":{"rendered":"https:\/\/www.ernstbrunn-apotheke.at\/katalog\/produkt\/weihrauch-creme-neurelia-100-ml\/"},"modified":"2025-12-08T18:41:46","modified_gmt":"2025-12-08T17:41:46","slug":"weihrauch-creme-neurelia-100-ml","status":"publish","type":"product","link":"https:\/\/www.ernstbrunn-apotheke.at\/katalog\/produkt\/weihrauch-creme-neurelia-100-ml\/","title":{"rendered":"Weihrauch Creme Neurelia 100 ml"},"content":{"rendered":"<p>Weihrauch Creme Neurelia versorgt die empfindliche, gereizte und pflegebed\u00fcrftige Haut mit dem Optimum an Feuchtigkeit und nat\u00fcrlichen Fetten. Der spezielle Weihrauch-Extrakt hilft bei der Regeneration der strapazierten Haut und nimmt das Spannungsgef\u00fchl. Die Creme dient zur t\u00e4glichen Intensivpflege bei trockener, rissiger oder ger\u00f6teter Haut und ist auch therapiebegleitend bei Neurodermitis geeignet.<\/p>\n","protected":false},"excerpt":{"rendered":"<p>Weihrauch Creme Neurelia versorgt die empfindliche, gereizte und pflegebed\u00fcrftige Haut mit dem Optimum an Feuchtigkeit und nat\u00fcrlichen Fetten. Der spezielle Weihrauch-Extrakt hilft bei der Regeneration der strapazierten Haut und nimmt das Spannungsgef\u00fchl. Die Creme dient zur t\u00e4glichen Intensivpflege bei trockener, rissiger oder ger\u00f6teter Haut und ist auch therapiebegleitend bei Neurodermitis geeignet.<\/p>\n","protected":false},"featured_media":75496,"template":"","meta":{"_acf_changed":false},"product_brand":[],"product_cat":[796],"product_tag":[],"class_list":{"0":"post-75494","1":"product","2":"type-product","3":"status-publish","4":"has-post-thumbnail","6":"product_cat-w","7":"pa_packungsgroesse-100ml","9":"first","10":"instock","11":"shipping-taxable","12":"purchasable","13":"product-type-simple"},"acf":[],"_links":{"self":[{"href":"https:\/\/www.ernstbrunn-apotheke.at\/katalog\/wp-json\/wp\/v2\/product\/75494","targetHints":{"allow":["GET"]}}],"collection":[{"href":"https:\/\/www.ernstbrunn-apotheke.at\/katalog\/wp-json\/wp\/v2\/product"}],"about":[{"href":"https:\/\/www.ernstbrunn-apotheke.at\/katalog\/wp-json\/wp\/v2\/types\/product"}],"wp:featuredmedia":[{"embeddable":true,"href":"https:\/\/www.ernstbrunn-apotheke.at\/katalog\/wp-json\/wp\/v2\/media\/75496"}],"wp:attachment":[{"href":"https:\/\/www.ernstbrunn-apotheke.at\/katalog\/wp-json\/wp\/v2\/media?parent=75494"}],"wp:term":[{"taxonomy":"product_brand","embeddable":true,"href":"https:\/\/www.ernstbrunn-apotheke.at\/katalog\/wp-json\/wp\/v2\/product_brand?post=75494"},{"taxonomy":"product_cat","embeddable":true,"href":"https:\/\/www.ernstbrunn-apotheke.at\/katalog\/wp-json\/wp\/v2\/product_cat?post=75494"},{"taxonomy":"product_tag","embeddable":true,"href":"https:\/\/www.ernstbrunn-apotheke.at\/katalog\/wp-json\/wp\/v2\/product_tag?post=75494"}],"curies":[{"name":"wp","href":"https:\/\/api.w.org\/{rel}","templated":true}]}}