{"id":75476,"date":"2025-11-11T21:12:16","date_gmt":"2025-11-11T20:12:16","guid":{"rendered":"https:\/\/www.ernstbrunn-apotheke.at\/katalog\/produkt\/twardy-magnesium-mit-calcium-tabletten-60-stk\/"},"modified":"2025-12-08T18:41:36","modified_gmt":"2025-12-08T17:41:36","slug":"twardy-magnesium-mit-calcium-tabletten-60-stk","status":"publish","type":"product","link":"https:\/\/www.ernstbrunn-apotheke.at\/katalog\/produkt\/twardy-magnesium-mit-calcium-tabletten-60-stk\/","title":{"rendered":"Twardy Magnesium mit Calcium Tabletten 60 Stk."},"content":{"rendered":"<p>Twardy Magnesium mit Calcium Tabletten f\u00fchren dem K\u00f6rper die wertvollen Mineralstoffe Calcium und Magnesium zu. Sie machen unter den Mineralstoffen mengenm\u00e4\u00dfig den gr\u00f6\u00dften Anteil im K\u00f6rper aus.<\/p>\n","protected":false},"excerpt":{"rendered":"<p>Twardy Magnesium mit Calcium Tabletten f\u00fchren dem K\u00f6rper die wertvollen Mineralstoffe Calcium und Magnesium zu. Sie machen unter den Mineralstoffen mengenm\u00e4\u00dfig den gr\u00f6\u00dften Anteil im K\u00f6rper aus.<\/p>\n","protected":false},"featured_media":75478,"template":"","meta":{"_acf_changed":false},"product_brand":[507],"product_cat":[798],"product_tag":[],"class_list":{"0":"post-75476","1":"product","2":"type-product","3":"status-publish","4":"has-post-thumbnail","6":"product_brand-twardy","7":"product_cat-t","8":"pa_packungsgroesse-60-stueck","10":"first","11":"instock","12":"shipping-taxable","13":"purchasable","14":"product-type-simple"},"acf":[],"_links":{"self":[{"href":"https:\/\/www.ernstbrunn-apotheke.at\/katalog\/wp-json\/wp\/v2\/product\/75476","targetHints":{"allow":["GET"]}}],"collection":[{"href":"https:\/\/www.ernstbrunn-apotheke.at\/katalog\/wp-json\/wp\/v2\/product"}],"about":[{"href":"https:\/\/www.ernstbrunn-apotheke.at\/katalog\/wp-json\/wp\/v2\/types\/product"}],"wp:featuredmedia":[{"embeddable":true,"href":"https:\/\/www.ernstbrunn-apotheke.at\/katalog\/wp-json\/wp\/v2\/media\/75478"}],"wp:attachment":[{"href":"https:\/\/www.ernstbrunn-apotheke.at\/katalog\/wp-json\/wp\/v2\/media?parent=75476"}],"wp:term":[{"taxonomy":"product_brand","embeddable":true,"href":"https:\/\/www.ernstbrunn-apotheke.at\/katalog\/wp-json\/wp\/v2\/product_brand?post=75476"},{"taxonomy":"product_cat","embeddable":true,"href":"https:\/\/www.ernstbrunn-apotheke.at\/katalog\/wp-json\/wp\/v2\/product_cat?post=75476"},{"taxonomy":"product_tag","embeddable":true,"href":"https:\/\/www.ernstbrunn-apotheke.at\/katalog\/wp-json\/wp\/v2\/product_tag?post=75476"}],"curies":[{"name":"wp","href":"https:\/\/api.w.org\/{rel}","templated":true}]}}