{"id":75421,"date":"2025-11-11T21:11:21","date_gmt":"2025-11-11T20:11:21","guid":{"rendered":"https:\/\/www.ernstbrunn-apotheke.at\/katalog\/produkt\/biocosmos-softkill-mottenschutz-500-ml\/"},"modified":"2025-12-08T18:41:06","modified_gmt":"2025-12-08T17:41:06","slug":"biocosmos-softkill-mottenschutz-500-ml","status":"publish","type":"product","link":"https:\/\/www.ernstbrunn-apotheke.at\/katalog\/produkt\/biocosmos-softkill-mottenschutz-500-ml\/","title":{"rendered":"Biocosmos Softkill Mottenschutz 500 ml"},"content":{"rendered":"<p>Biocosmos Soft Kill Mottenschutz ist hochwirksam und bek\u00e4mpft neben den Schadinsekten auch die von Allergikern gef\u00fcrchtete Hausstaubmilbe, die sich in textilen Bodenbel\u00e4gen, Polsterm\u00f6beln, Matratzen etc. einnistet. Das Produkt hat eine mehrw\u00f6chige Wirkung. .<\/p>\n","protected":false},"excerpt":{"rendered":"<p>Biocosmos Soft Kill Mottenschutz ist hochwirksam und bek\u00e4mpft neben den Schadinsekten auch die von Allergikern gef\u00fcrchtete Hausstaubmilbe, die sich in textilen Bodenbel\u00e4gen, Polsterm\u00f6beln, Matratzen etc. einnistet. Das Produkt hat eine mehrw\u00f6chige Wirkung. .<\/p>\n","protected":false},"featured_media":75423,"template":"","meta":{"_acf_changed":false},"product_brand":[],"product_cat":[802],"product_tag":[],"class_list":{"0":"post-75421","1":"product","2":"type-product","3":"status-publish","4":"has-post-thumbnail","6":"product_cat-b","7":"pa_packungsgroesse-500ml","9":"first","10":"instock","11":"shipping-taxable","12":"purchasable","13":"product-type-simple"},"acf":[],"_links":{"self":[{"href":"https:\/\/www.ernstbrunn-apotheke.at\/katalog\/wp-json\/wp\/v2\/product\/75421","targetHints":{"allow":["GET"]}}],"collection":[{"href":"https:\/\/www.ernstbrunn-apotheke.at\/katalog\/wp-json\/wp\/v2\/product"}],"about":[{"href":"https:\/\/www.ernstbrunn-apotheke.at\/katalog\/wp-json\/wp\/v2\/types\/product"}],"wp:featuredmedia":[{"embeddable":true,"href":"https:\/\/www.ernstbrunn-apotheke.at\/katalog\/wp-json\/wp\/v2\/media\/75423"}],"wp:attachment":[{"href":"https:\/\/www.ernstbrunn-apotheke.at\/katalog\/wp-json\/wp\/v2\/media?parent=75421"}],"wp:term":[{"taxonomy":"product_brand","embeddable":true,"href":"https:\/\/www.ernstbrunn-apotheke.at\/katalog\/wp-json\/wp\/v2\/product_brand?post=75421"},{"taxonomy":"product_cat","embeddable":true,"href":"https:\/\/www.ernstbrunn-apotheke.at\/katalog\/wp-json\/wp\/v2\/product_cat?post=75421"},{"taxonomy":"product_tag","embeddable":true,"href":"https:\/\/www.ernstbrunn-apotheke.at\/katalog\/wp-json\/wp\/v2\/product_tag?post=75421"}],"curies":[{"name":"wp","href":"https:\/\/api.w.org\/{rel}","templated":true}]}}