{"id":75229,"date":"2025-11-11T21:07:44","date_gmt":"2025-11-11T20:07:44","guid":{"rendered":"https:\/\/www.ernstbrunn-apotheke.at\/katalog\/produkt\/heilmoor-neydharting-heilmittel-schwebstoffbad-5-l\/"},"modified":"2025-12-08T18:39:51","modified_gmt":"2025-12-08T17:39:51","slug":"heilmoor-neydharting-heilmittel-schwebstoffbad-5-l","status":"publish","type":"product","link":"https:\/\/www.ernstbrunn-apotheke.at\/katalog\/produkt\/heilmoor-neydharting-heilmittel-schwebstoffbad-5-l\/","title":{"rendered":"Heilmoor Neydharting Heilmittel Schwebstoffbad 5 L"},"content":{"rendered":"<p>Heilmoor Neydharting: Immer wieder bewiesen die praktische Erfahrung und Gutachten eine eindeutige Heilwirkung der vitalisierenden Heilmoor Vital B\u00e4der, der Heilmoor Vital Packungen bei Erkrankungen des Bewegungsapparates, gyn\u00e4kologischen Leiden und bei Hautreizungen und der Heilmoor Trink Kuren bei St\u00f6rungen im Verdauungstrakt. Und noch einen positiven Effekt kann das Heilmoor Neydharting im Rahmen der Naturheilkunde f\u00fcr sich verbuchen: Es ist besonders gut vertr\u00e4glich.<\/p>\n","protected":false},"excerpt":{"rendered":"<p>Heilmoor Neydharting: Immer wieder bewiesen die praktische Erfahrung und Gutachten eine eindeutige Heilwirkung der vitalisierenden Heilmoor Vital B\u00e4der, der Heilmoor Vital Packungen bei Erkrankungen des Bewegungsapparates, gyn\u00e4kologischen Leiden und bei Hautreizungen und der Heilmoor Trink Kuren bei St\u00f6rungen im Verdauungstrakt. Und noch einen positiven Effekt kann das Heilmoor Neydharting im Rahmen der Naturheilkunde f\u00fcr sich [&hellip;]<\/p>\n","protected":false},"featured_media":75231,"template":"","meta":{"_acf_changed":false},"product_brand":[],"product_cat":[805],"product_tag":[],"class_list":{"0":"post-75229","1":"product","2":"type-product","3":"status-publish","4":"has-post-thumbnail","6":"product_cat-h","7":"pa_packungsgroesse-5l","9":"first","10":"instock","11":"shipping-taxable","12":"purchasable","13":"product-type-simple"},"acf":[],"_links":{"self":[{"href":"https:\/\/www.ernstbrunn-apotheke.at\/katalog\/wp-json\/wp\/v2\/product\/75229","targetHints":{"allow":["GET"]}}],"collection":[{"href":"https:\/\/www.ernstbrunn-apotheke.at\/katalog\/wp-json\/wp\/v2\/product"}],"about":[{"href":"https:\/\/www.ernstbrunn-apotheke.at\/katalog\/wp-json\/wp\/v2\/types\/product"}],"wp:featuredmedia":[{"embeddable":true,"href":"https:\/\/www.ernstbrunn-apotheke.at\/katalog\/wp-json\/wp\/v2\/media\/75231"}],"wp:attachment":[{"href":"https:\/\/www.ernstbrunn-apotheke.at\/katalog\/wp-json\/wp\/v2\/media?parent=75229"}],"wp:term":[{"taxonomy":"product_brand","embeddable":true,"href":"https:\/\/www.ernstbrunn-apotheke.at\/katalog\/wp-json\/wp\/v2\/product_brand?post=75229"},{"taxonomy":"product_cat","embeddable":true,"href":"https:\/\/www.ernstbrunn-apotheke.at\/katalog\/wp-json\/wp\/v2\/product_cat?post=75229"},{"taxonomy":"product_tag","embeddable":true,"href":"https:\/\/www.ernstbrunn-apotheke.at\/katalog\/wp-json\/wp\/v2\/product_tag?post=75229"}],"curies":[{"name":"wp","href":"https:\/\/api.w.org\/{rel}","templated":true}]}}