{"id":75058,"date":"2025-11-11T21:04:28","date_gmt":"2025-11-11T20:04:28","guid":{"rendered":"https:\/\/www.ernstbrunn-apotheke.at\/katalog\/produkt\/lifescan-onetouch-verio-kontroll-loesung-3-2-stk\/"},"modified":"2025-12-08T18:38:50","modified_gmt":"2025-12-08T17:38:50","slug":"lifescan-onetouch-verio-kontroll-loesung-3-2-stk","status":"publish","type":"product","link":"https:\/\/www.ernstbrunn-apotheke.at\/katalog\/produkt\/lifescan-onetouch-verio-kontroll-loesung-3-2-stk\/","title":{"rendered":"LifeScan OneTouch Verio Kontroll-L\u00f6sung 3 2 Stk."},"content":{"rendered":"<p>LifeScan engagiert sich f\u00fcr die Aufgabe, die Lebensqualit\u00e4t von Menschen mit Diabetes nachhaltig zu verbessern. Deshalb bietet LifeScan eine Reihe von Blutzuckermesssystemen und Kundenservice Dienstleistungen an, um diesen unterschiedlichen Bed\u00fcrfnissen noch besser zu entsprechen. Tausende von Menschen mit Diabetes vertrauen bei LifeScan Produkten auf einfaches Testen und genaue Messergebnisse. LifeScan-Messsysteme sind daher sehr einfach zu bedienen, zuverl\u00e4ssig und pr\u00e4zise und bieten Ihnen eine erleichterte Blutzuckerselbstkontrolle \u2013 jetzt mit hohem Rabatt und versandkostenfrei* bestellen!<\/p>\n","protected":false},"excerpt":{"rendered":"<p>LifeScan engagiert sich f\u00fcr die Aufgabe, die Lebensqualit\u00e4t von Menschen mit Diabetes nachhaltig zu verbessern. Deshalb bietet LifeScan eine Reihe von Blutzuckermesssystemen und Kundenservice Dienstleistungen an, um diesen unterschiedlichen Bed\u00fcrfnissen noch besser zu entsprechen. Tausende von Menschen mit Diabetes vertrauen bei LifeScan Produkten auf einfaches Testen und genaue Messergebnisse. LifeScan-Messsysteme sind daher sehr einfach zu [&hellip;]<\/p>\n","protected":false},"featured_media":75060,"template":"","meta":{"_acf_changed":false},"product_brand":[],"product_cat":[795],"product_tag":[],"class_list":{"0":"post-75058","1":"product","2":"type-product","3":"status-publish","4":"has-post-thumbnail","6":"product_cat-l","7":"pa_packungsgroesse-2-stueck","9":"first","10":"instock","11":"shipping-taxable","12":"purchasable","13":"product-type-simple"},"acf":[],"_links":{"self":[{"href":"https:\/\/www.ernstbrunn-apotheke.at\/katalog\/wp-json\/wp\/v2\/product\/75058","targetHints":{"allow":["GET"]}}],"collection":[{"href":"https:\/\/www.ernstbrunn-apotheke.at\/katalog\/wp-json\/wp\/v2\/product"}],"about":[{"href":"https:\/\/www.ernstbrunn-apotheke.at\/katalog\/wp-json\/wp\/v2\/types\/product"}],"wp:featuredmedia":[{"embeddable":true,"href":"https:\/\/www.ernstbrunn-apotheke.at\/katalog\/wp-json\/wp\/v2\/media\/75060"}],"wp:attachment":[{"href":"https:\/\/www.ernstbrunn-apotheke.at\/katalog\/wp-json\/wp\/v2\/media?parent=75058"}],"wp:term":[{"taxonomy":"product_brand","embeddable":true,"href":"https:\/\/www.ernstbrunn-apotheke.at\/katalog\/wp-json\/wp\/v2\/product_brand?post=75058"},{"taxonomy":"product_cat","embeddable":true,"href":"https:\/\/www.ernstbrunn-apotheke.at\/katalog\/wp-json\/wp\/v2\/product_cat?post=75058"},{"taxonomy":"product_tag","embeddable":true,"href":"https:\/\/www.ernstbrunn-apotheke.at\/katalog\/wp-json\/wp\/v2\/product_tag?post=75058"}],"curies":[{"name":"wp","href":"https:\/\/api.w.org\/{rel}","templated":true}]}}