{"id":74897,"date":"2025-11-11T21:01:02","date_gmt":"2025-11-11T20:01:02","guid":{"rendered":"https:\/\/www.ernstbrunn-apotheke.at\/katalog\/produkt\/sebamed-unreine-haut-hautklaerendes-gesichtswasser-200-ml\/"},"modified":"2025-12-08T18:37:57","modified_gmt":"2025-12-08T17:37:57","slug":"sebamed-unreine-haut-hautklaerendes-gesichtswasser-200-ml","status":"publish","type":"product","link":"https:\/\/www.ernstbrunn-apotheke.at\/katalog\/produkt\/sebamed-unreine-haut-hautklaerendes-gesichtswasser-200-ml\/","title":{"rendered":"Sebamed Unreine Haut Hautkl\u00e4rendes Gesichtswasser 200 ml"},"content":{"rendered":"<p>sebamed UNREINE HAUT Hautkl\u00e4rendes Gesichtswasser vervollst\u00e4ndigt die Reinigung und leistet mit seinem intensiv reinigenden Effekt einen wirksamen Beitrag zur Vorbeugung gegen Pickel. Der hauteigene pH-Wert 5,5 stabilisiert den nat\u00fcrlichen Schutzmantel der Haut und wirkt biologisch gegen Bakterien. Die sehr gute Hautvertr\u00e4glichkeit ist dermatologisch-klinisch best\u00e4tigt.<\/p>\n","protected":false},"excerpt":{"rendered":"<p>sebamed UNREINE HAUT Hautkl\u00e4rendes Gesichtswasser vervollst\u00e4ndigt die Reinigung und leistet mit seinem intensiv reinigenden Effekt einen wirksamen Beitrag zur Vorbeugung gegen Pickel. Der hauteigene pH-Wert 5,5 stabilisiert den nat\u00fcrlichen Schutzmantel der Haut und wirkt biologisch gegen Bakterien. Die sehr gute Hautvertr\u00e4glichkeit ist dermatologisch-klinisch best\u00e4tigt.<\/p>\n","protected":false},"featured_media":74899,"template":"","meta":{"_acf_changed":false},"product_brand":[737],"product_cat":[791],"product_tag":[],"class_list":{"0":"post-74897","1":"product","2":"type-product","3":"status-publish","4":"has-post-thumbnail","6":"product_brand-sebamed","7":"product_cat-s","8":"pa_packungsgroesse-200ml","10":"first","11":"instock","12":"shipping-taxable","13":"purchasable","14":"product-type-simple"},"acf":[],"_links":{"self":[{"href":"https:\/\/www.ernstbrunn-apotheke.at\/katalog\/wp-json\/wp\/v2\/product\/74897","targetHints":{"allow":["GET"]}}],"collection":[{"href":"https:\/\/www.ernstbrunn-apotheke.at\/katalog\/wp-json\/wp\/v2\/product"}],"about":[{"href":"https:\/\/www.ernstbrunn-apotheke.at\/katalog\/wp-json\/wp\/v2\/types\/product"}],"wp:featuredmedia":[{"embeddable":true,"href":"https:\/\/www.ernstbrunn-apotheke.at\/katalog\/wp-json\/wp\/v2\/media\/74899"}],"wp:attachment":[{"href":"https:\/\/www.ernstbrunn-apotheke.at\/katalog\/wp-json\/wp\/v2\/media?parent=74897"}],"wp:term":[{"taxonomy":"product_brand","embeddable":true,"href":"https:\/\/www.ernstbrunn-apotheke.at\/katalog\/wp-json\/wp\/v2\/product_brand?post=74897"},{"taxonomy":"product_cat","embeddable":true,"href":"https:\/\/www.ernstbrunn-apotheke.at\/katalog\/wp-json\/wp\/v2\/product_cat?post=74897"},{"taxonomy":"product_tag","embeddable":true,"href":"https:\/\/www.ernstbrunn-apotheke.at\/katalog\/wp-json\/wp\/v2\/product_tag?post=74897"}],"curies":[{"name":"wp","href":"https:\/\/api.w.org\/{rel}","templated":true}]}}