{"id":74723,"date":"2025-11-11T20:57:47","date_gmt":"2025-11-11T19:57:47","guid":{"rendered":"https:\/\/www.ernstbrunn-apotheke.at\/katalog\/produkt\/aerobic-oxygen-stabilisierter-sauerstoff-60ml-1-stk\/"},"modified":"2025-12-08T18:36:56","modified_gmt":"2025-12-08T17:36:56","slug":"aerobic-oxygen-stabilisierter-sauerstoff-60ml-1-stk","status":"publish","type":"product","link":"https:\/\/www.ernstbrunn-apotheke.at\/katalog\/produkt\/aerobic-oxygen-stabilisierter-sauerstoff-60ml-1-stk\/","title":{"rendered":"Aerobic-Oxygen Stabilisierter Sauerstoff 60ml 1 Stk."},"content":{"rendered":"<p>Aerobic-Oxygen Stabilisierter Sauerstoff ist ein Nahrungserg\u00e4nzungsmittel zur Unterst\u00fctzung der Zellfunktion. Es ist sicher in der oralen und topischen Anwendung und zugelassen als Dopingfreies Pr\u00e4parat f\u00fcr Leistungssportler..<\/p>\n","protected":false},"excerpt":{"rendered":"<p>Aerobic-Oxygen Stabilisierter Sauerstoff ist ein Nahrungserg\u00e4nzungsmittel zur Unterst\u00fctzung der Zellfunktion. Es ist sicher in der oralen und topischen Anwendung und zugelassen als Dopingfreies Pr\u00e4parat f\u00fcr Leistungssportler..<\/p>\n","protected":false},"featured_media":74725,"template":"","meta":{"_acf_changed":false},"product_brand":[],"product_cat":[801],"product_tag":[],"class_list":{"0":"post-74723","1":"product","2":"type-product","3":"status-publish","4":"has-post-thumbnail","6":"product_cat-a","7":"pa_packungsgroesse-1-stueck","9":"first","10":"instock","11":"shipping-taxable","12":"purchasable","13":"product-type-simple"},"acf":[],"_links":{"self":[{"href":"https:\/\/www.ernstbrunn-apotheke.at\/katalog\/wp-json\/wp\/v2\/product\/74723","targetHints":{"allow":["GET"]}}],"collection":[{"href":"https:\/\/www.ernstbrunn-apotheke.at\/katalog\/wp-json\/wp\/v2\/product"}],"about":[{"href":"https:\/\/www.ernstbrunn-apotheke.at\/katalog\/wp-json\/wp\/v2\/types\/product"}],"wp:featuredmedia":[{"embeddable":true,"href":"https:\/\/www.ernstbrunn-apotheke.at\/katalog\/wp-json\/wp\/v2\/media\/74725"}],"wp:attachment":[{"href":"https:\/\/www.ernstbrunn-apotheke.at\/katalog\/wp-json\/wp\/v2\/media?parent=74723"}],"wp:term":[{"taxonomy":"product_brand","embeddable":true,"href":"https:\/\/www.ernstbrunn-apotheke.at\/katalog\/wp-json\/wp\/v2\/product_brand?post=74723"},{"taxonomy":"product_cat","embeddable":true,"href":"https:\/\/www.ernstbrunn-apotheke.at\/katalog\/wp-json\/wp\/v2\/product_cat?post=74723"},{"taxonomy":"product_tag","embeddable":true,"href":"https:\/\/www.ernstbrunn-apotheke.at\/katalog\/wp-json\/wp\/v2\/product_tag?post=74723"}],"curies":[{"name":"wp","href":"https:\/\/api.w.org\/{rel}","templated":true}]}}