{"id":7468,"date":"2025-11-07T13:14:09","date_gmt":"2025-11-07T12:14:09","guid":{"rendered":"https:\/\/www.ernstbrunn-apotheke.at\/katalog\/produkt\/l-tryptophan-250mg-kapseln-bios\/"},"modified":"2025-12-08T13:23:35","modified_gmt":"2025-12-08T12:23:35","slug":"l-tryptophan-250mg-kapseln-bios","status":"publish","type":"product","link":"https:\/\/www.ernstbrunn-apotheke.at\/katalog\/produkt\/l-tryptophan-250mg-kapseln-bios\/","title":{"rendered":"L &#8211; TRYPTOPHAN 250mg Kapseln Bios"},"content":{"rendered":"<p>Bios L-Tryptophan 250 mg Kapseln enthalten 250 mg L-Tryptophan in einer Hartgelatinekapsel. Innerhalb der essentiellen Aminos\u00e4uren ist L-Tryptophan die Aminos\u00e4ure, die durchgehend mengenm\u00e4\u00dfig am wenigsten in gew\u00f6hnlicher Nahrung zu finden ist.<\/p>\n","protected":false},"excerpt":{"rendered":"<p>Bios L-Tryptophan 250 mg Kapseln enthalten 250 mg L-Tryptophan in einer Hartgelatinekapsel. Innerhalb der essentiellen Aminos\u00e4uren ist L-Tryptophan die Aminos\u00e4ure, die durchgehend mengenm\u00e4\u00dfig am wenigsten in gew\u00f6hnlicher Nahrung zu finden ist.<\/p>\n","protected":false},"featured_media":7189,"template":"","meta":{"_acf_changed":false},"product_brand":[],"product_cat":[795],"product_tag":[],"class_list":{"0":"post-7468","1":"product","2":"type-product","3":"status-publish","4":"has-post-thumbnail","6":"product_cat-l","7":"pa_packungsgroesse-100-stueck","9":"first","10":"instock","11":"shipping-taxable","12":"purchasable","13":"product-type-simple"},"acf":[],"_links":{"self":[{"href":"https:\/\/www.ernstbrunn-apotheke.at\/katalog\/wp-json\/wp\/v2\/product\/7468","targetHints":{"allow":["GET"]}}],"collection":[{"href":"https:\/\/www.ernstbrunn-apotheke.at\/katalog\/wp-json\/wp\/v2\/product"}],"about":[{"href":"https:\/\/www.ernstbrunn-apotheke.at\/katalog\/wp-json\/wp\/v2\/types\/product"}],"wp:featuredmedia":[{"embeddable":true,"href":"https:\/\/www.ernstbrunn-apotheke.at\/katalog\/wp-json\/wp\/v2\/media\/7189"}],"wp:attachment":[{"href":"https:\/\/www.ernstbrunn-apotheke.at\/katalog\/wp-json\/wp\/v2\/media?parent=7468"}],"wp:term":[{"taxonomy":"product_brand","embeddable":true,"href":"https:\/\/www.ernstbrunn-apotheke.at\/katalog\/wp-json\/wp\/v2\/product_brand?post=7468"},{"taxonomy":"product_cat","embeddable":true,"href":"https:\/\/www.ernstbrunn-apotheke.at\/katalog\/wp-json\/wp\/v2\/product_cat?post=7468"},{"taxonomy":"product_tag","embeddable":true,"href":"https:\/\/www.ernstbrunn-apotheke.at\/katalog\/wp-json\/wp\/v2\/product_tag?post=7468"}],"curies":[{"name":"wp","href":"https:\/\/api.w.org\/{rel}","templated":true}]}}