{"id":74593,"date":"2025-11-11T20:54:54","date_gmt":"2025-11-11T19:54:54","guid":{"rendered":"https:\/\/www.ernstbrunn-apotheke.at\/katalog\/produkt\/bioderma-hydrabio-masque-75-ml\/"},"modified":"2025-12-08T18:36:16","modified_gmt":"2025-12-08T17:36:16","slug":"bioderma-hydrabio-masque-75-ml","status":"publish","type":"product","link":"https:\/\/www.ernstbrunn-apotheke.at\/katalog\/produkt\/bioderma-hydrabio-masque-75-ml\/","title":{"rendered":"Bioderma Hydrabio Masque 75 ml"},"content":{"rendered":"<p>Bioderma Hydrabio Masque 75 ml ist eine intensive Feuchtigkeitsmaske f\u00fcr feuchtigkeitsarme Mischhaut bis sehr trockene Haut. Lindert sofort Spannungsgef\u00fchle und M\u00fcdigkeitsf\u00e4ltchen. Sorgt f\u00fcr einen frischen, strahlenden Teint. Nicht abwaschen. Ohne Parabene. Emulgatorfrei. Angenehmer, leichter Duft.<\/p>\n","protected":false},"excerpt":{"rendered":"<p>Bioderma Hydrabio Masque 75 ml ist eine intensive Feuchtigkeitsmaske f\u00fcr feuchtigkeitsarme Mischhaut bis sehr trockene Haut. Lindert sofort Spannungsgef\u00fchle und M\u00fcdigkeitsf\u00e4ltchen. Sorgt f\u00fcr einen frischen, strahlenden Teint. Nicht abwaschen. Ohne Parabene. Emulgatorfrei. Angenehmer, leichter Duft.<\/p>\n","protected":false},"featured_media":74595,"template":"","meta":{"_acf_changed":false},"product_brand":[657],"product_cat":[802],"product_tag":[],"class_list":{"0":"post-74593","1":"product","2":"type-product","3":"status-publish","4":"has-post-thumbnail","6":"product_brand-bioderma","7":"product_cat-b","8":"pa_packungsgroesse-75ml","10":"first","11":"instock","12":"shipping-taxable","13":"purchasable","14":"product-type-simple"},"acf":[],"_links":{"self":[{"href":"https:\/\/www.ernstbrunn-apotheke.at\/katalog\/wp-json\/wp\/v2\/product\/74593","targetHints":{"allow":["GET"]}}],"collection":[{"href":"https:\/\/www.ernstbrunn-apotheke.at\/katalog\/wp-json\/wp\/v2\/product"}],"about":[{"href":"https:\/\/www.ernstbrunn-apotheke.at\/katalog\/wp-json\/wp\/v2\/types\/product"}],"wp:featuredmedia":[{"embeddable":true,"href":"https:\/\/www.ernstbrunn-apotheke.at\/katalog\/wp-json\/wp\/v2\/media\/74595"}],"wp:attachment":[{"href":"https:\/\/www.ernstbrunn-apotheke.at\/katalog\/wp-json\/wp\/v2\/media?parent=74593"}],"wp:term":[{"taxonomy":"product_brand","embeddable":true,"href":"https:\/\/www.ernstbrunn-apotheke.at\/katalog\/wp-json\/wp\/v2\/product_brand?post=74593"},{"taxonomy":"product_cat","embeddable":true,"href":"https:\/\/www.ernstbrunn-apotheke.at\/katalog\/wp-json\/wp\/v2\/product_cat?post=74593"},{"taxonomy":"product_tag","embeddable":true,"href":"https:\/\/www.ernstbrunn-apotheke.at\/katalog\/wp-json\/wp\/v2\/product_tag?post=74593"}],"curies":[{"name":"wp","href":"https:\/\/api.w.org\/{rel}","templated":true}]}}