{"id":74346,"date":"2025-11-11T20:50:46","date_gmt":"2025-11-11T19:50:46","guid":{"rendered":"https:\/\/www.ernstbrunn-apotheke.at\/katalog\/produkt\/bioflora-lab-lecithin-tonikum\/"},"modified":"2025-12-08T18:34:47","modified_gmt":"2025-12-08T17:34:47","slug":"bioflora-lab-lecithin-tonikum","status":"publish","type":"product","link":"https:\/\/www.ernstbrunn-apotheke.at\/katalog\/produkt\/bioflora-lab-lecithin-tonikum\/","title":{"rendered":"Bioflora LAB Lecithin Tonikum"},"content":{"rendered":"<p>Bioflora Nerven Lecithin Tonikum ist sehr hilfreich bei allgemeinen Schw\u00e4chezust\u00e4nden sowie bei seelischer Anspannung und Reiz\u00fcberflutung. Seelische Spannungszust\u00e4nde werden durch die Einnahme dieses Tonikums bek\u00e4mpft. Au\u00dferdem dient es zur allgemeinen Beruhigung und Entspannung und sorgt so f\u00fcr einen erholsamen und entspannenden Schlaf.<\/p>\n","protected":false},"excerpt":{"rendered":"<p>Bioflora Nerven Lecithin Tonikum ist sehr hilfreich bei allgemeinen Schw\u00e4chezust\u00e4nden sowie bei seelischer Anspannung und Reiz\u00fcberflutung. Seelische Spannungszust\u00e4nde werden durch die Einnahme dieses Tonikums bek\u00e4mpft. Au\u00dferdem dient es zur allgemeinen Beruhigung und Entspannung und sorgt so f\u00fcr einen erholsamen und entspannenden Schlaf.<\/p>\n","protected":false},"featured_media":74348,"template":"","meta":{"_acf_changed":false},"product_brand":[434],"product_cat":[802],"product_tag":[],"class_list":{"0":"post-74346","1":"product","2":"type-product","3":"status-publish","4":"has-post-thumbnail","6":"product_brand-bioflora-lab","7":"product_cat-b","8":"pa_packungsgroesse-500ml","10":"first","11":"instock","12":"shipping-taxable","13":"purchasable","14":"product-type-simple"},"acf":[],"_links":{"self":[{"href":"https:\/\/www.ernstbrunn-apotheke.at\/katalog\/wp-json\/wp\/v2\/product\/74346","targetHints":{"allow":["GET"]}}],"collection":[{"href":"https:\/\/www.ernstbrunn-apotheke.at\/katalog\/wp-json\/wp\/v2\/product"}],"about":[{"href":"https:\/\/www.ernstbrunn-apotheke.at\/katalog\/wp-json\/wp\/v2\/types\/product"}],"wp:featuredmedia":[{"embeddable":true,"href":"https:\/\/www.ernstbrunn-apotheke.at\/katalog\/wp-json\/wp\/v2\/media\/74348"}],"wp:attachment":[{"href":"https:\/\/www.ernstbrunn-apotheke.at\/katalog\/wp-json\/wp\/v2\/media?parent=74346"}],"wp:term":[{"taxonomy":"product_brand","embeddable":true,"href":"https:\/\/www.ernstbrunn-apotheke.at\/katalog\/wp-json\/wp\/v2\/product_brand?post=74346"},{"taxonomy":"product_cat","embeddable":true,"href":"https:\/\/www.ernstbrunn-apotheke.at\/katalog\/wp-json\/wp\/v2\/product_cat?post=74346"},{"taxonomy":"product_tag","embeddable":true,"href":"https:\/\/www.ernstbrunn-apotheke.at\/katalog\/wp-json\/wp\/v2\/product_tag?post=74346"}],"curies":[{"name":"wp","href":"https:\/\/api.w.org\/{rel}","templated":true}]}}