{"id":7419,"date":"2025-11-07T13:13:29","date_gmt":"2025-11-07T12:13:29","guid":{"rendered":"https:\/\/www.ernstbrunn-apotheke.at\/katalog\/produkt\/relamed-5-htp-kapseln-mit-griffonia-vitamin-b6-30-stk\/"},"modified":"2025-12-08T13:23:14","modified_gmt":"2025-12-08T12:23:14","slug":"relamed-5-htp-kapseln-mit-griffonia-vitamin-b6-30-stk","status":"publish","type":"product","link":"https:\/\/www.ernstbrunn-apotheke.at\/katalog\/produkt\/relamed-5-htp-kapseln-mit-griffonia-vitamin-b6-30-stk\/","title":{"rendered":"Relamed 5 &#8211; HTP &#8211; Kapseln mit Griffonia &#038; Vitamin B6 &#8211; 30 Stk"},"content":{"rendered":"<p>Relamed 5-HTP-Kapseln enth\u00e4lt hochkonzentriertes 5-Hydroxytryptophan (5-HTP) aus dem pflanzlichen Extrakt von Griffonia simplicifolia (afrikanische Schwarzbohne) und zus\u00e4tzlich hochdosiertes Vitamin B6 in seiner biologisch aktiven Form und hilft somit bei der di\u00e4tetischen Behandlung von Angst, depressiven Verstimmungen und Schlafst\u00f6rungen.<\/p>\n","protected":false},"excerpt":{"rendered":"<p>Relamed 5-HTP-Kapseln enth\u00e4lt hochkonzentriertes 5-Hydroxytryptophan (5-HTP) aus dem pflanzlichen Extrakt von Griffonia simplicifolia (afrikanische Schwarzbohne) und zus\u00e4tzlich hochdosiertes Vitamin B6 in seiner biologisch aktiven Form und hilft somit bei der di\u00e4tetischen Behandlung von Angst, depressiven Verstimmungen und Schlafst\u00f6rungen.<\/p>\n","protected":false},"featured_media":6986,"template":"","meta":{"_acf_changed":false},"product_brand":[],"product_cat":[808],"product_tag":[],"class_list":{"0":"post-7419","1":"product","2":"type-product","3":"status-publish","4":"has-post-thumbnail","6":"product_cat-r","7":"pa_packungsgroesse-30-stueck","9":"first","10":"instock","11":"shipping-taxable","12":"purchasable","13":"product-type-simple"},"acf":[],"_links":{"self":[{"href":"https:\/\/www.ernstbrunn-apotheke.at\/katalog\/wp-json\/wp\/v2\/product\/7419","targetHints":{"allow":["GET"]}}],"collection":[{"href":"https:\/\/www.ernstbrunn-apotheke.at\/katalog\/wp-json\/wp\/v2\/product"}],"about":[{"href":"https:\/\/www.ernstbrunn-apotheke.at\/katalog\/wp-json\/wp\/v2\/types\/product"}],"wp:featuredmedia":[{"embeddable":true,"href":"https:\/\/www.ernstbrunn-apotheke.at\/katalog\/wp-json\/wp\/v2\/media\/6986"}],"wp:attachment":[{"href":"https:\/\/www.ernstbrunn-apotheke.at\/katalog\/wp-json\/wp\/v2\/media?parent=7419"}],"wp:term":[{"taxonomy":"product_brand","embeddable":true,"href":"https:\/\/www.ernstbrunn-apotheke.at\/katalog\/wp-json\/wp\/v2\/product_brand?post=7419"},{"taxonomy":"product_cat","embeddable":true,"href":"https:\/\/www.ernstbrunn-apotheke.at\/katalog\/wp-json\/wp\/v2\/product_cat?post=7419"},{"taxonomy":"product_tag","embeddable":true,"href":"https:\/\/www.ernstbrunn-apotheke.at\/katalog\/wp-json\/wp\/v2\/product_tag?post=7419"}],"curies":[{"name":"wp","href":"https:\/\/api.w.org\/{rel}","templated":true}]}}