{"id":7406,"date":"2025-11-07T13:12:49","date_gmt":"2025-11-07T12:12:49","guid":{"rendered":"https:\/\/www.ernstbrunn-apotheke.at\/katalog\/produkt\/pascoe-pascoflair-425mg-ueberzogene-tabletten-n1\/"},"modified":"2025-12-08T13:23:08","modified_gmt":"2025-12-08T12:23:08","slug":"pascoe-pascoflair-425mg-ueberzogene-tabletten-n1","status":"publish","type":"product","link":"https:\/\/www.ernstbrunn-apotheke.at\/katalog\/produkt\/pascoe-pascoflair-425mg-ueberzogene-tabletten-n1\/","title":{"rendered":"Pascoe PASCOFLAIR 425mg \u00fcberzogene Tabletten N1"},"content":{"rendered":"<p>Pascoflair\u00ae 425mg Tabletten zur Behandlung von nerv\u00f6sen Unruhezust\u00e4nden wie z. B. Stress und Angstzust\u00e4nden, sowie zur Behandlung von nerv\u00f6s bedingten Ein- und Durchschlafst\u00f6rungen.<\/p>\n","protected":false},"excerpt":{"rendered":"<p>Pascoflair\u00ae 425mg Tabletten zur Behandlung von nerv\u00f6sen Unruhezust\u00e4nden wie z. B. Stress und Angstzust\u00e4nden, sowie zur Behandlung von nerv\u00f6s bedingten Ein- und Durchschlafst\u00f6rungen.<\/p>\n","protected":false},"featured_media":6917,"template":"","meta":{"_acf_changed":false},"product_brand":[],"product_cat":[793],"product_tag":[],"class_list":{"0":"post-7406","1":"product","2":"type-product","3":"status-publish","4":"has-post-thumbnail","6":"product_cat-p","7":"pa_packungsgroesse-30-stueck","9":"first","10":"instock","11":"shipping-taxable","12":"purchasable","13":"product-type-simple"},"acf":[],"_links":{"self":[{"href":"https:\/\/www.ernstbrunn-apotheke.at\/katalog\/wp-json\/wp\/v2\/product\/7406","targetHints":{"allow":["GET"]}}],"collection":[{"href":"https:\/\/www.ernstbrunn-apotheke.at\/katalog\/wp-json\/wp\/v2\/product"}],"about":[{"href":"https:\/\/www.ernstbrunn-apotheke.at\/katalog\/wp-json\/wp\/v2\/types\/product"}],"wp:featuredmedia":[{"embeddable":true,"href":"https:\/\/www.ernstbrunn-apotheke.at\/katalog\/wp-json\/wp\/v2\/media\/6917"}],"wp:attachment":[{"href":"https:\/\/www.ernstbrunn-apotheke.at\/katalog\/wp-json\/wp\/v2\/media?parent=7406"}],"wp:term":[{"taxonomy":"product_brand","embeddable":true,"href":"https:\/\/www.ernstbrunn-apotheke.at\/katalog\/wp-json\/wp\/v2\/product_brand?post=7406"},{"taxonomy":"product_cat","embeddable":true,"href":"https:\/\/www.ernstbrunn-apotheke.at\/katalog\/wp-json\/wp\/v2\/product_cat?post=7406"},{"taxonomy":"product_tag","embeddable":true,"href":"https:\/\/www.ernstbrunn-apotheke.at\/katalog\/wp-json\/wp\/v2\/product_tag?post=7406"}],"curies":[{"name":"wp","href":"https:\/\/api.w.org\/{rel}","templated":true}]}}