{"id":7396,"date":"2025-11-07T13:12:49","date_gmt":"2025-11-07T12:12:49","guid":{"rendered":"https:\/\/www.ernstbrunn-apotheke.at\/katalog\/produkt\/dr-boehm-johanniskraut-forte-600mg-filmtabletten\/"},"modified":"2025-12-08T13:23:03","modified_gmt":"2025-12-08T12:23:03","slug":"dr-boehm-johanniskraut-forte-600mg-filmtabletten","status":"publish","type":"product","link":"https:\/\/www.ernstbrunn-apotheke.at\/katalog\/produkt\/dr-boehm-johanniskraut-forte-600mg-filmtabletten\/","title":{"rendered":"Dr. B\u00f6hm JOHANNISKRAUT FORTE 600mg Filmtabletten"},"content":{"rendered":"<p>Dr. B\u00f6hm Johanniskraut Kapseln dienen der Behandlung von nervlichen und k\u00f6rperlichen Beschwerden ohne erkennbaren Ursachen, Verstimmungszust\u00e4nden, Niedergeschlagenheit, Angst und nerv\u00f6ser Unruhe. Dieses Produkt erhalten Sie in den Varianten 425 mg und 600 mg.<\/p>\n","protected":false},"excerpt":{"rendered":"<p>Dr. B\u00f6hm Johanniskraut Kapseln dienen der Behandlung von nervlichen und k\u00f6rperlichen Beschwerden ohne erkennbaren Ursachen, Verstimmungszust\u00e4nden, Niedergeschlagenheit, Angst und nerv\u00f6ser Unruhe. Dieses Produkt erhalten Sie in den Varianten 425 mg und 600 mg.<\/p>\n","protected":false},"featured_media":6855,"template":"","meta":{"_acf_changed":false},"product_brand":[365],"product_cat":[792],"product_tag":[],"class_list":{"0":"post-7396","1":"product","2":"type-product","3":"status-publish","4":"has-post-thumbnail","6":"product_brand-dr-boehm","7":"product_cat-d","8":"pa_packungsgroesse-30-stueck","10":"first","11":"instock","12":"shipping-taxable","13":"purchasable","14":"product-type-simple"},"acf":[],"_links":{"self":[{"href":"https:\/\/www.ernstbrunn-apotheke.at\/katalog\/wp-json\/wp\/v2\/product\/7396","targetHints":{"allow":["GET"]}}],"collection":[{"href":"https:\/\/www.ernstbrunn-apotheke.at\/katalog\/wp-json\/wp\/v2\/product"}],"about":[{"href":"https:\/\/www.ernstbrunn-apotheke.at\/katalog\/wp-json\/wp\/v2\/types\/product"}],"wp:featuredmedia":[{"embeddable":true,"href":"https:\/\/www.ernstbrunn-apotheke.at\/katalog\/wp-json\/wp\/v2\/media\/6855"}],"wp:attachment":[{"href":"https:\/\/www.ernstbrunn-apotheke.at\/katalog\/wp-json\/wp\/v2\/media?parent=7396"}],"wp:term":[{"taxonomy":"product_brand","embeddable":true,"href":"https:\/\/www.ernstbrunn-apotheke.at\/katalog\/wp-json\/wp\/v2\/product_brand?post=7396"},{"taxonomy":"product_cat","embeddable":true,"href":"https:\/\/www.ernstbrunn-apotheke.at\/katalog\/wp-json\/wp\/v2\/product_cat?post=7396"},{"taxonomy":"product_tag","embeddable":true,"href":"https:\/\/www.ernstbrunn-apotheke.at\/katalog\/wp-json\/wp\/v2\/product_tag?post=7396"}],"curies":[{"name":"wp","href":"https:\/\/api.w.org\/{rel}","templated":true}]}}