{"id":73672,"date":"2025-11-11T20:38:52","date_gmt":"2025-11-11T19:38:52","guid":{"rendered":"https:\/\/www.ernstbrunn-apotheke.at\/katalog\/produkt\/kneipp-aroma-pflegedusche-200-ml-stressfrei\/"},"modified":"2025-12-08T18:30:49","modified_gmt":"2025-12-08T17:30:49","slug":"kneipp-aroma-pflegedusche-200-ml-stressfrei","status":"publish","type":"product","link":"https:\/\/www.ernstbrunn-apotheke.at\/katalog\/produkt\/kneipp-aroma-pflegedusche-200-ml-stressfrei\/","title":{"rendered":"Kneipp Aroma Pflegedusche 200 ml Stressfrei"},"content":{"rendered":"<p>Bleiben Sie auch in hektischen Zeiten entspannt und tanken Sie neue Energie mit der Kneipp\u00ae Aroma Pflegedusche Stressfrei. Der sonnige Duft der nat\u00fcrlichen \u00e4therischen \u00d6le aus Orangenbl\u00fcte und Mandarine hilft Ihnen loszulassen und verleiht Ihnen neuen Schwung bei Anspannung und Stress im Alltag.<\/p>\n","protected":false},"excerpt":{"rendered":"<p>Bleiben Sie auch in hektischen Zeiten entspannt und tanken Sie neue Energie mit der Kneipp\u00ae Aroma Pflegedusche Stressfrei. Der sonnige Duft der nat\u00fcrlichen \u00e4therischen \u00d6le aus Orangenbl\u00fcte und Mandarine hilft Ihnen loszulassen und verleiht Ihnen neuen Schwung bei Anspannung und Stress im Alltag.<\/p>\n","protected":false},"featured_media":73674,"template":"","meta":{"_acf_changed":false},"product_brand":[662],"product_cat":[807],"product_tag":[],"class_list":{"0":"post-73672","1":"product","2":"type-product","3":"status-publish","4":"has-post-thumbnail","6":"product_brand-kneipp","7":"product_cat-k","8":"pa_packungsgroesse-200ml","10":"first","11":"instock","12":"shipping-taxable","13":"purchasable","14":"product-type-simple"},"acf":[],"_links":{"self":[{"href":"https:\/\/www.ernstbrunn-apotheke.at\/katalog\/wp-json\/wp\/v2\/product\/73672","targetHints":{"allow":["GET"]}}],"collection":[{"href":"https:\/\/www.ernstbrunn-apotheke.at\/katalog\/wp-json\/wp\/v2\/product"}],"about":[{"href":"https:\/\/www.ernstbrunn-apotheke.at\/katalog\/wp-json\/wp\/v2\/types\/product"}],"wp:featuredmedia":[{"embeddable":true,"href":"https:\/\/www.ernstbrunn-apotheke.at\/katalog\/wp-json\/wp\/v2\/media\/73674"}],"wp:attachment":[{"href":"https:\/\/www.ernstbrunn-apotheke.at\/katalog\/wp-json\/wp\/v2\/media?parent=73672"}],"wp:term":[{"taxonomy":"product_brand","embeddable":true,"href":"https:\/\/www.ernstbrunn-apotheke.at\/katalog\/wp-json\/wp\/v2\/product_brand?post=73672"},{"taxonomy":"product_cat","embeddable":true,"href":"https:\/\/www.ernstbrunn-apotheke.at\/katalog\/wp-json\/wp\/v2\/product_cat?post=73672"},{"taxonomy":"product_tag","embeddable":true,"href":"https:\/\/www.ernstbrunn-apotheke.at\/katalog\/wp-json\/wp\/v2\/product_tag?post=73672"}],"curies":[{"name":"wp","href":"https:\/\/api.w.org\/{rel}","templated":true}]}}