{"id":72756,"date":"2025-11-11T20:21:37","date_gmt":"2025-11-11T19:21:37","guid":{"rendered":"https:\/\/www.ernstbrunn-apotheke.at\/katalog\/produkt\/tetesept-schnupfen-spray-mit-aetherischen-oelen\/"},"modified":"2025-12-08T18:25:34","modified_gmt":"2025-12-08T17:25:34","slug":"tetesept-schnupfen-spray-mit-aetherischen-oelen","status":"publish","type":"product","link":"https:\/\/www.ernstbrunn-apotheke.at\/katalog\/produkt\/tetesept-schnupfen-spray-mit-aetherischen-oelen\/","title":{"rendered":"tetesept Schnupfen Spray mit \u00e4therischen \u00d6len"},"content":{"rendered":"<p>tetesept: Schnupfen Spray n\u00fctzt die nat\u00fcrlich befreiende Wirkung von Pflanzen &#8211; als Alternative oder zus\u00e4tzlich zu Arzneimitteln. Der Spray beruhigt, befeuchtet und befreit Schnupfennasen mit der nat\u00fcrlichen Kraft \u00e4therischer \u00d6le. Die Kombination aus Eukalyptus, Thymian, Pfefferminze und Salbei sowie Kamille zusammen mit isotonischer Kochsalzl\u00f6sung helfen wieder befreit durchzuatmen. Ohne Konservierungsstoffe. Ab 6 Jahren<\/p>\n","protected":false},"excerpt":{"rendered":"<p>tetesept: Schnupfen Spray n\u00fctzt die nat\u00fcrlich befreiende Wirkung von Pflanzen &#8211; als Alternative oder zus\u00e4tzlich zu Arzneimitteln. Der Spray beruhigt, befeuchtet und befreit Schnupfennasen mit der nat\u00fcrlichen Kraft \u00e4therischer \u00d6le. Die Kombination aus Eukalyptus, Thymian, Pfefferminze und Salbei sowie Kamille zusammen mit isotonischer Kochsalzl\u00f6sung helfen wieder befreit durchzuatmen. Ohne Konservierungsstoffe. Ab 6 Jahren<\/p>\n","protected":false},"featured_media":72758,"template":"","meta":{"_acf_changed":false},"product_brand":[487],"product_cat":[798],"product_tag":[],"class_list":{"0":"post-72756","1":"product","2":"type-product","3":"status-publish","4":"has-post-thumbnail","6":"product_brand-tetesept","7":"product_cat-t","8":"pa_packungsgroesse-20ml","10":"first","11":"instock","12":"shipping-taxable","13":"purchasable","14":"product-type-simple"},"acf":[],"_links":{"self":[{"href":"https:\/\/www.ernstbrunn-apotheke.at\/katalog\/wp-json\/wp\/v2\/product\/72756","targetHints":{"allow":["GET"]}}],"collection":[{"href":"https:\/\/www.ernstbrunn-apotheke.at\/katalog\/wp-json\/wp\/v2\/product"}],"about":[{"href":"https:\/\/www.ernstbrunn-apotheke.at\/katalog\/wp-json\/wp\/v2\/types\/product"}],"wp:featuredmedia":[{"embeddable":true,"href":"https:\/\/www.ernstbrunn-apotheke.at\/katalog\/wp-json\/wp\/v2\/media\/72758"}],"wp:attachment":[{"href":"https:\/\/www.ernstbrunn-apotheke.at\/katalog\/wp-json\/wp\/v2\/media?parent=72756"}],"wp:term":[{"taxonomy":"product_brand","embeddable":true,"href":"https:\/\/www.ernstbrunn-apotheke.at\/katalog\/wp-json\/wp\/v2\/product_brand?post=72756"},{"taxonomy":"product_cat","embeddable":true,"href":"https:\/\/www.ernstbrunn-apotheke.at\/katalog\/wp-json\/wp\/v2\/product_cat?post=72756"},{"taxonomy":"product_tag","embeddable":true,"href":"https:\/\/www.ernstbrunn-apotheke.at\/katalog\/wp-json\/wp\/v2\/product_tag?post=72756"}],"curies":[{"name":"wp","href":"https:\/\/api.w.org\/{rel}","templated":true}]}}