{"id":72753,"date":"2025-11-11T20:21:37","date_gmt":"2025-11-11T19:21:37","guid":{"rendered":"https:\/\/www.ernstbrunn-apotheke.at\/katalog\/produkt\/omni-biotic-aktiv-pulver-2-x-60-g\/"},"modified":"2025-12-08T18:25:33","modified_gmt":"2025-12-08T17:25:33","slug":"omni-biotic-aktiv-pulver-2-x-60-g","status":"publish","type":"product","link":"https:\/\/www.ernstbrunn-apotheke.at\/katalog\/produkt\/omni-biotic-aktiv-pulver-2-x-60-g\/","title":{"rendered":"OMNi-BiOTiC Aktiv Pulver 2 x 60 g"},"content":{"rendered":"<p>OMNi-BiOTiC Aktiv Pulver enth\u00e4lt elf speziell ausgew\u00e4hlte, wissenschaftlich erforschte Bakterienst\u00e4mme. Die enthaltenen Bifidobakterien, Laktobazillen und Laktokokken besiedeln den gesamten Darm in hoher Keimzahl: Pro Portion (= 2 g) sind 5 Milliarden nat\u00fcrliche Darmbakterien in OMNi-BiOTiC\u00ae Aktiv enthalten.<\/p>\n","protected":false},"excerpt":{"rendered":"<p>OMNi-BiOTiC Aktiv Pulver enth\u00e4lt elf speziell ausgew\u00e4hlte, wissenschaftlich erforschte Bakterienst\u00e4mme. Die enthaltenen Bifidobakterien, Laktobazillen und Laktokokken besiedeln den gesamten Darm in hoher Keimzahl: Pro Portion (= 2 g) sind 5 Milliarden nat\u00fcrliche Darmbakterien in OMNi-BiOTiC\u00ae Aktiv enthalten.<\/p>\n","protected":false},"featured_media":72755,"template":"","meta":{"_acf_changed":false},"product_brand":[832],"product_cat":[819],"product_tag":[],"class_list":{"0":"post-72753","1":"product","2":"type-product","3":"status-publish","4":"has-post-thumbnail","6":"product_brand-omni-biotic","7":"product_cat-o","8":"pa_packungsgroesse-2-stueck","10":"first","11":"instock","12":"shipping-taxable","13":"purchasable","14":"product-type-simple"},"acf":[],"_links":{"self":[{"href":"https:\/\/www.ernstbrunn-apotheke.at\/katalog\/wp-json\/wp\/v2\/product\/72753","targetHints":{"allow":["GET"]}}],"collection":[{"href":"https:\/\/www.ernstbrunn-apotheke.at\/katalog\/wp-json\/wp\/v2\/product"}],"about":[{"href":"https:\/\/www.ernstbrunn-apotheke.at\/katalog\/wp-json\/wp\/v2\/types\/product"}],"wp:featuredmedia":[{"embeddable":true,"href":"https:\/\/www.ernstbrunn-apotheke.at\/katalog\/wp-json\/wp\/v2\/media\/72755"}],"wp:attachment":[{"href":"https:\/\/www.ernstbrunn-apotheke.at\/katalog\/wp-json\/wp\/v2\/media?parent=72753"}],"wp:term":[{"taxonomy":"product_brand","embeddable":true,"href":"https:\/\/www.ernstbrunn-apotheke.at\/katalog\/wp-json\/wp\/v2\/product_brand?post=72753"},{"taxonomy":"product_cat","embeddable":true,"href":"https:\/\/www.ernstbrunn-apotheke.at\/katalog\/wp-json\/wp\/v2\/product_cat?post=72753"},{"taxonomy":"product_tag","embeddable":true,"href":"https:\/\/www.ernstbrunn-apotheke.at\/katalog\/wp-json\/wp\/v2\/product_tag?post=72753"}],"curies":[{"name":"wp","href":"https:\/\/api.w.org\/{rel}","templated":true}]}}