{"id":72580,"date":"2025-11-11T20:15:04","date_gmt":"2025-11-11T19:15:04","guid":{"rendered":"https:\/\/www.ernstbrunn-apotheke.at\/katalog\/produkt\/nuxe-body-duftspray-100-ml\/"},"modified":"2025-12-08T18:24:29","modified_gmt":"2025-12-08T17:24:29","slug":"nuxe-body-duftspray-100-ml","status":"publish","type":"product","link":"https:\/\/www.ernstbrunn-apotheke.at\/katalog\/produkt\/nuxe-body-duftspray-100-ml\/","title":{"rendered":"Nuxe Body Duftspray 100 ml"},"content":{"rendered":"<p>Nuxe Body Duftspray ist die besondere Abrundung einer sinnlich duftenden und verw\u00f6hnenden K\u00f6rperpflege-Routine. Zus\u00e4tzlich pflegt es die Haut. Das Spray mit Kokosnuss, Mandel und Orangenbl\u00fcten h\u00fcllt den K\u00f6rper in einen erfrischenden und samtigen Schleier. Es wird wie ein Parfum auf den K\u00f6rper aufgetragen und hinterl\u00e4sst einen frischen und unwiderstehlichen Duft.<\/p>\n","protected":false},"excerpt":{"rendered":"<p>Nuxe Body Duftspray ist die besondere Abrundung einer sinnlich duftenden und verw\u00f6hnenden K\u00f6rperpflege-Routine. Zus\u00e4tzlich pflegt es die Haut. Das Spray mit Kokosnuss, Mandel und Orangenbl\u00fcten h\u00fcllt den K\u00f6rper in einen erfrischenden und samtigen Schleier. Es wird wie ein Parfum auf den K\u00f6rper aufgetragen und hinterl\u00e4sst einen frischen und unwiderstehlichen Duft.<\/p>\n","protected":false},"featured_media":72582,"template":"","meta":{"_acf_changed":false},"product_brand":[705],"product_cat":[797],"product_tag":[],"class_list":{"0":"post-72580","1":"product","2":"type-product","3":"status-publish","4":"has-post-thumbnail","6":"product_brand-nuxe","7":"product_cat-n","8":"pa_packungsgroesse-100ml","10":"first","11":"instock","12":"shipping-taxable","13":"purchasable","14":"product-type-simple"},"acf":[],"_links":{"self":[{"href":"https:\/\/www.ernstbrunn-apotheke.at\/katalog\/wp-json\/wp\/v2\/product\/72580","targetHints":{"allow":["GET"]}}],"collection":[{"href":"https:\/\/www.ernstbrunn-apotheke.at\/katalog\/wp-json\/wp\/v2\/product"}],"about":[{"href":"https:\/\/www.ernstbrunn-apotheke.at\/katalog\/wp-json\/wp\/v2\/types\/product"}],"wp:featuredmedia":[{"embeddable":true,"href":"https:\/\/www.ernstbrunn-apotheke.at\/katalog\/wp-json\/wp\/v2\/media\/72582"}],"wp:attachment":[{"href":"https:\/\/www.ernstbrunn-apotheke.at\/katalog\/wp-json\/wp\/v2\/media?parent=72580"}],"wp:term":[{"taxonomy":"product_brand","embeddable":true,"href":"https:\/\/www.ernstbrunn-apotheke.at\/katalog\/wp-json\/wp\/v2\/product_brand?post=72580"},{"taxonomy":"product_cat","embeddable":true,"href":"https:\/\/www.ernstbrunn-apotheke.at\/katalog\/wp-json\/wp\/v2\/product_cat?post=72580"},{"taxonomy":"product_tag","embeddable":true,"href":"https:\/\/www.ernstbrunn-apotheke.at\/katalog\/wp-json\/wp\/v2\/product_tag?post=72580"}],"curies":[{"name":"wp","href":"https:\/\/api.w.org\/{rel}","templated":true}]}}