{"id":72554,"date":"2025-11-11T20:14:38","date_gmt":"2025-11-11T19:14:38","guid":{"rendered":"https:\/\/www.ernstbrunn-apotheke.at\/katalog\/produkt\/waschhandschuh-vlies-10-stk-145-x-225-cm\/"},"modified":"2025-12-08T18:24:18","modified_gmt":"2025-12-08T17:24:18","slug":"waschhandschuh-vlies-10-stk-145-x-225-cm","status":"publish","type":"product","link":"https:\/\/www.ernstbrunn-apotheke.at\/katalog\/produkt\/waschhandschuh-vlies-10-stk-145-x-225-cm\/","title":{"rendered":"Waschhandschuh Vlies 10 Stk. 14,5 x 22,5 cm"},"content":{"rendered":"<p>Waschhandschuh Vlies zeichnet sich durch einen guten Halt aus. Dar\u00fcber hinaus hat der Waschhandschuh eine versetzte \u00d6ffnung, die den Patienten oder Pfleger eine einfache Handhabung des Handschuhs erm\u00f6glicht.<\/p>\n","protected":false},"excerpt":{"rendered":"<p>Waschhandschuh Vlies zeichnet sich durch einen guten Halt aus. Dar\u00fcber hinaus hat der Waschhandschuh eine versetzte \u00d6ffnung, die den Patienten oder Pfleger eine einfache Handhabung des Handschuhs erm\u00f6glicht.<\/p>\n","protected":false},"featured_media":0,"template":"","meta":{"_acf_changed":false},"product_brand":[],"product_cat":[796],"product_tag":[],"class_list":{"0":"post-72554","1":"product","2":"type-product","3":"status-publish","5":"product_cat-w","6":"pa_packungsgroesse-10-stueck","8":"first","9":"instock","10":"shipping-taxable","11":"purchasable","12":"product-type-simple"},"acf":[],"_links":{"self":[{"href":"https:\/\/www.ernstbrunn-apotheke.at\/katalog\/wp-json\/wp\/v2\/product\/72554","targetHints":{"allow":["GET"]}}],"collection":[{"href":"https:\/\/www.ernstbrunn-apotheke.at\/katalog\/wp-json\/wp\/v2\/product"}],"about":[{"href":"https:\/\/www.ernstbrunn-apotheke.at\/katalog\/wp-json\/wp\/v2\/types\/product"}],"wp:attachment":[{"href":"https:\/\/www.ernstbrunn-apotheke.at\/katalog\/wp-json\/wp\/v2\/media?parent=72554"}],"wp:term":[{"taxonomy":"product_brand","embeddable":true,"href":"https:\/\/www.ernstbrunn-apotheke.at\/katalog\/wp-json\/wp\/v2\/product_brand?post=72554"},{"taxonomy":"product_cat","embeddable":true,"href":"https:\/\/www.ernstbrunn-apotheke.at\/katalog\/wp-json\/wp\/v2\/product_cat?post=72554"},{"taxonomy":"product_tag","embeddable":true,"href":"https:\/\/www.ernstbrunn-apotheke.at\/katalog\/wp-json\/wp\/v2\/product_tag?post=72554"}],"curies":[{"name":"wp","href":"https:\/\/api.w.org\/{rel}","templated":true}]}}