{"id":72260,"date":"2025-11-11T20:08:52","date_gmt":"2025-11-11T19:08:52","guid":{"rendered":"https:\/\/www.ernstbrunn-apotheke.at\/katalog\/produkt\/darphin-hydrating-handcreme-d8x0-75-ml\/"},"modified":"2025-12-08T18:22:24","modified_gmt":"2025-12-08T17:22:24","slug":"darphin-hydrating-handcreme-d8x0-75-ml","status":"publish","type":"product","link":"https:\/\/www.ernstbrunn-apotheke.at\/katalog\/produkt\/darphin-hydrating-handcreme-d8x0-75-ml\/","title":{"rendered":"DARPHIN HYDRATING HANDCREME  D8X0 75 ML"},"content":{"rendered":"<p>Body Care Hydrating Hand and Nail Cream ist eine luxuri\u00f6se Handcreme mit Rosenwasser, die H\u00e4nde und N\u00e4gel intensiv pflegt und die Feuchtigketisbarriere der Haut sch\u00fctzt.<\/p>\n","protected":false},"excerpt":{"rendered":"<p>Body Care Hydrating Hand and Nail Cream ist eine luxuri\u00f6se Handcreme mit Rosenwasser, die H\u00e4nde und N\u00e4gel intensiv pflegt und die Feuchtigketisbarriere der Haut sch\u00fctzt.<\/p>\n","protected":false},"featured_media":72262,"template":"","meta":{"_acf_changed":false},"product_brand":[],"product_cat":[792],"product_tag":[],"class_list":{"0":"post-72260","1":"product","2":"type-product","3":"status-publish","4":"has-post-thumbnail","6":"product_cat-d","7":"pa_packungsgroesse-75ml","9":"first","10":"instock","11":"shipping-taxable","12":"purchasable","13":"product-type-simple"},"acf":[],"_links":{"self":[{"href":"https:\/\/www.ernstbrunn-apotheke.at\/katalog\/wp-json\/wp\/v2\/product\/72260","targetHints":{"allow":["GET"]}}],"collection":[{"href":"https:\/\/www.ernstbrunn-apotheke.at\/katalog\/wp-json\/wp\/v2\/product"}],"about":[{"href":"https:\/\/www.ernstbrunn-apotheke.at\/katalog\/wp-json\/wp\/v2\/types\/product"}],"wp:featuredmedia":[{"embeddable":true,"href":"https:\/\/www.ernstbrunn-apotheke.at\/katalog\/wp-json\/wp\/v2\/media\/72262"}],"wp:attachment":[{"href":"https:\/\/www.ernstbrunn-apotheke.at\/katalog\/wp-json\/wp\/v2\/media?parent=72260"}],"wp:term":[{"taxonomy":"product_brand","embeddable":true,"href":"https:\/\/www.ernstbrunn-apotheke.at\/katalog\/wp-json\/wp\/v2\/product_brand?post=72260"},{"taxonomy":"product_cat","embeddable":true,"href":"https:\/\/www.ernstbrunn-apotheke.at\/katalog\/wp-json\/wp\/v2\/product_cat?post=72260"},{"taxonomy":"product_tag","embeddable":true,"href":"https:\/\/www.ernstbrunn-apotheke.at\/katalog\/wp-json\/wp\/v2\/product_tag?post=72260"}],"curies":[{"name":"wp","href":"https:\/\/api.w.org\/{rel}","templated":true}]}}