{"id":72162,"date":"2025-11-11T20:07:18","date_gmt":"2025-11-11T19:07:18","guid":{"rendered":"https:\/\/www.ernstbrunn-apotheke.at\/katalog\/produkt\/melasan-sportmixer-820-ml\/"},"modified":"2025-12-08T18:21:49","modified_gmt":"2025-12-08T17:21:49","slug":"melasan-sportmixer-820-ml","status":"publish","type":"product","link":"https:\/\/www.ernstbrunn-apotheke.at\/katalog\/produkt\/melasan-sportmixer-820-ml\/","title":{"rendered":"Melasan Sportmixer 820 ml"},"content":{"rendered":"<p>Der hochwertige Melasan Sportmixer besticht nicht nur durch seine perfekte Funktionalit\u00e4t, sondern auch durch seine optimale Verarbeitung. Er ist geruchshemmend, sp\u00fclmaschinenfest und aus BPA-freiem Eastman Tritan. Zus\u00e4tzlich sorgt der im Melasan Sportmixer enthaltene BlenderBall f\u00fcr die optimale Mischung beim Sch\u00fctteln &#8211; wir f\u00fchren alle Produkte von Melasan zu Sonderpreisen!<\/p>\n","protected":false},"excerpt":{"rendered":"<p>Der hochwertige Melasan Sportmixer besticht nicht nur durch seine perfekte Funktionalit\u00e4t, sondern auch durch seine optimale Verarbeitung. Er ist geruchshemmend, sp\u00fclmaschinenfest und aus BPA-freiem Eastman Tritan. Zus\u00e4tzlich sorgt der im Melasan Sportmixer enthaltene BlenderBall f\u00fcr die optimale Mischung beim Sch\u00fctteln &#8211; wir f\u00fchren alle Produkte von Melasan zu Sonderpreisen!<\/p>\n","protected":false},"featured_media":72164,"template":"","meta":{"_acf_changed":false},"product_brand":[373],"product_cat":[800],"product_tag":[],"class_list":{"0":"post-72162","1":"product","2":"type-product","3":"status-publish","4":"has-post-thumbnail","6":"product_brand-melasan","7":"product_cat-m","8":"pa_packungsgroesse-820ml","10":"first","11":"instock","12":"shipping-taxable","13":"purchasable","14":"product-type-simple"},"acf":[],"_links":{"self":[{"href":"https:\/\/www.ernstbrunn-apotheke.at\/katalog\/wp-json\/wp\/v2\/product\/72162","targetHints":{"allow":["GET"]}}],"collection":[{"href":"https:\/\/www.ernstbrunn-apotheke.at\/katalog\/wp-json\/wp\/v2\/product"}],"about":[{"href":"https:\/\/www.ernstbrunn-apotheke.at\/katalog\/wp-json\/wp\/v2\/types\/product"}],"wp:featuredmedia":[{"embeddable":true,"href":"https:\/\/www.ernstbrunn-apotheke.at\/katalog\/wp-json\/wp\/v2\/media\/72164"}],"wp:attachment":[{"href":"https:\/\/www.ernstbrunn-apotheke.at\/katalog\/wp-json\/wp\/v2\/media?parent=72162"}],"wp:term":[{"taxonomy":"product_brand","embeddable":true,"href":"https:\/\/www.ernstbrunn-apotheke.at\/katalog\/wp-json\/wp\/v2\/product_brand?post=72162"},{"taxonomy":"product_cat","embeddable":true,"href":"https:\/\/www.ernstbrunn-apotheke.at\/katalog\/wp-json\/wp\/v2\/product_cat?post=72162"},{"taxonomy":"product_tag","embeddable":true,"href":"https:\/\/www.ernstbrunn-apotheke.at\/katalog\/wp-json\/wp\/v2\/product_tag?post=72162"}],"curies":[{"name":"wp","href":"https:\/\/api.w.org\/{rel}","templated":true}]}}