{"id":70876,"date":"2025-11-11T19:41:56","date_gmt":"2025-11-11T18:41:56","guid":{"rendered":"https:\/\/www.ernstbrunn-apotheke.at\/katalog\/produkt\/echinacea-granatapfel-elixier-bio-alkoholfrei-330-ml\/"},"modified":"2025-12-08T18:15:15","modified_gmt":"2025-12-08T17:15:15","slug":"echinacea-granatapfel-elixier-bio-alkoholfrei-330-ml","status":"publish","type":"product","link":"https:\/\/www.ernstbrunn-apotheke.at\/katalog\/produkt\/echinacea-granatapfel-elixier-bio-alkoholfrei-330-ml\/","title":{"rendered":"Echinacea Granatapfel Elixier Bio alkoholfrei 330 ml"},"content":{"rendered":"<p>Echinacea Granatapfel Elixier Bio alkoholfrei f\u00fcr eine normale Funktion des Immunsytems, f\u00fcr einen normalen Stoffwechsel und zur verringerung von M\u00fcdigkeit und Erm\u00fcdung..<\/p>\n","protected":false},"excerpt":{"rendered":"<p>Echinacea Granatapfel Elixier Bio alkoholfrei f\u00fcr eine normale Funktion des Immunsytems, f\u00fcr einen normalen Stoffwechsel und zur verringerung von M\u00fcdigkeit und Erm\u00fcdung..<\/p>\n","protected":false},"featured_media":70878,"template":"","meta":{"_acf_changed":false},"product_brand":[],"product_cat":[794],"product_tag":[],"class_list":{"0":"post-70876","1":"product","2":"type-product","3":"status-publish","4":"has-post-thumbnail","6":"product_cat-e","7":"pa_packungsgroesse-330ml","9":"first","10":"instock","11":"shipping-taxable","12":"purchasable","13":"product-type-simple"},"acf":[],"_links":{"self":[{"href":"https:\/\/www.ernstbrunn-apotheke.at\/katalog\/wp-json\/wp\/v2\/product\/70876","targetHints":{"allow":["GET"]}}],"collection":[{"href":"https:\/\/www.ernstbrunn-apotheke.at\/katalog\/wp-json\/wp\/v2\/product"}],"about":[{"href":"https:\/\/www.ernstbrunn-apotheke.at\/katalog\/wp-json\/wp\/v2\/types\/product"}],"wp:featuredmedia":[{"embeddable":true,"href":"https:\/\/www.ernstbrunn-apotheke.at\/katalog\/wp-json\/wp\/v2\/media\/70878"}],"wp:attachment":[{"href":"https:\/\/www.ernstbrunn-apotheke.at\/katalog\/wp-json\/wp\/v2\/media?parent=70876"}],"wp:term":[{"taxonomy":"product_brand","embeddable":true,"href":"https:\/\/www.ernstbrunn-apotheke.at\/katalog\/wp-json\/wp\/v2\/product_brand?post=70876"},{"taxonomy":"product_cat","embeddable":true,"href":"https:\/\/www.ernstbrunn-apotheke.at\/katalog\/wp-json\/wp\/v2\/product_cat?post=70876"},{"taxonomy":"product_tag","embeddable":true,"href":"https:\/\/www.ernstbrunn-apotheke.at\/katalog\/wp-json\/wp\/v2\/product_tag?post=70876"}],"curies":[{"name":"wp","href":"https:\/\/api.w.org\/{rel}","templated":true}]}}