{"id":70866,"date":"2025-11-11T19:41:23","date_gmt":"2025-11-11T18:41:23","guid":{"rendered":"https:\/\/www.ernstbrunn-apotheke.at\/katalog\/produkt\/espara-alchemistische-essenz-gelber-enzian-compositum-30-ml\/"},"modified":"2025-12-08T18:15:14","modified_gmt":"2025-12-08T17:15:14","slug":"espara-alchemistische-essenz-gelber-enzian-compositum-30-ml","status":"publish","type":"product","link":"https:\/\/www.ernstbrunn-apotheke.at\/katalog\/produkt\/espara-alchemistische-essenz-gelber-enzian-compositum-30-ml\/","title":{"rendered":"Espara Alchemistische Essenz Gelber Enzian Compositum 30 ml"},"content":{"rendered":"<p>Espara Alchemistische Essenz Gelber Enzian Compositum ist ein Nahrungserg\u00e4nzungsmittel mit Destillaten von Gelber Enzian, Wermut, Kalmus, Salbei, Tausendg\u00fcldenkraut und G\u00e4nsefinger. Gelber Enzian ist f\u00fcr seine positiven Wirkungen auf Magen und Darm bekannt. Hergestellt nach einem speziellen, auf Paracelsus zur\u00fcckgehenden Verfahren.<\/p>\n","protected":false},"excerpt":{"rendered":"<p>Espara Alchemistische Essenz Gelber Enzian Compositum ist ein Nahrungserg\u00e4nzungsmittel mit Destillaten von Gelber Enzian, Wermut, Kalmus, Salbei, Tausendg\u00fcldenkraut und G\u00e4nsefinger. Gelber Enzian ist f\u00fcr seine positiven Wirkungen auf Magen und Darm bekannt. Hergestellt nach einem speziellen, auf Paracelsus zur\u00fcckgehenden Verfahren.<\/p>\n","protected":false},"featured_media":70868,"template":"","meta":{"_acf_changed":false},"product_brand":[383],"product_cat":[794],"product_tag":[],"class_list":{"0":"post-70866","1":"product","2":"type-product","3":"status-publish","4":"has-post-thumbnail","6":"product_brand-espara","7":"product_cat-e","8":"pa_packungsgroesse-30ml","10":"first","11":"instock","12":"shipping-taxable","13":"purchasable","14":"product-type-simple"},"acf":[],"_links":{"self":[{"href":"https:\/\/www.ernstbrunn-apotheke.at\/katalog\/wp-json\/wp\/v2\/product\/70866","targetHints":{"allow":["GET"]}}],"collection":[{"href":"https:\/\/www.ernstbrunn-apotheke.at\/katalog\/wp-json\/wp\/v2\/product"}],"about":[{"href":"https:\/\/www.ernstbrunn-apotheke.at\/katalog\/wp-json\/wp\/v2\/types\/product"}],"wp:featuredmedia":[{"embeddable":true,"href":"https:\/\/www.ernstbrunn-apotheke.at\/katalog\/wp-json\/wp\/v2\/media\/70868"}],"wp:attachment":[{"href":"https:\/\/www.ernstbrunn-apotheke.at\/katalog\/wp-json\/wp\/v2\/media?parent=70866"}],"wp:term":[{"taxonomy":"product_brand","embeddable":true,"href":"https:\/\/www.ernstbrunn-apotheke.at\/katalog\/wp-json\/wp\/v2\/product_brand?post=70866"},{"taxonomy":"product_cat","embeddable":true,"href":"https:\/\/www.ernstbrunn-apotheke.at\/katalog\/wp-json\/wp\/v2\/product_cat?post=70866"},{"taxonomy":"product_tag","embeddable":true,"href":"https:\/\/www.ernstbrunn-apotheke.at\/katalog\/wp-json\/wp\/v2\/product_tag?post=70866"}],"curies":[{"name":"wp","href":"https:\/\/api.w.org\/{rel}","templated":true}]}}