{"id":70503,"date":"2025-11-11T19:06:36","date_gmt":"2025-11-11T18:06:36","guid":{"rendered":"https:\/\/www.ernstbrunn-apotheke.at\/katalog\/produkt\/arnika-handcreme-int-holzh-75-ml\/"},"modified":"2025-12-08T18:13:27","modified_gmt":"2025-12-08T17:13:27","slug":"arnika-handcreme-int-holzh-75-ml","status":"publish","type":"product","link":"https:\/\/www.ernstbrunn-apotheke.at\/katalog\/produkt\/arnika-handcreme-int-holzh-75-ml\/","title":{"rendered":"ARNIKA HANDCREME INT HOLZH 75 ML"},"content":{"rendered":"<p>Die Riviera Holzhacker Arnika Handcreme mit nat\u00fcrlichem Arnikabl\u00fctenextrakt und Elastin ist die ideale Pflege f\u00fcr geschmeidige H\u00e4nde. Sie dient sowohl als aktiver Hautschutz bei Arbeiten in Haus und Garten, als auch als Regeneration von stark beanspruchten Hautstellen und eignet sich besonders f\u00fcr gereizte und ausgetrocknete H\u00e4nde.<\/p>\n","protected":false},"excerpt":{"rendered":"<p>Die Riviera Holzhacker Arnika Handcreme mit nat\u00fcrlichem Arnikabl\u00fctenextrakt und Elastin ist die ideale Pflege f\u00fcr geschmeidige H\u00e4nde. Sie dient sowohl als aktiver Hautschutz bei Arbeiten in Haus und Garten, als auch als Regeneration von stark beanspruchten Hautstellen und eignet sich besonders f\u00fcr gereizte und ausgetrocknete H\u00e4nde.<\/p>\n","protected":false},"featured_media":0,"template":"","meta":{"_acf_changed":false},"product_brand":[],"product_cat":[801],"product_tag":[],"class_list":{"0":"post-70503","1":"product","2":"type-product","3":"status-publish","5":"product_cat-a","6":"pa_packungsgroesse-75ml","8":"first","9":"instock","10":"shipping-taxable","11":"purchasable","12":"product-type-simple"},"acf":[],"_links":{"self":[{"href":"https:\/\/www.ernstbrunn-apotheke.at\/katalog\/wp-json\/wp\/v2\/product\/70503","targetHints":{"allow":["GET"]}}],"collection":[{"href":"https:\/\/www.ernstbrunn-apotheke.at\/katalog\/wp-json\/wp\/v2\/product"}],"about":[{"href":"https:\/\/www.ernstbrunn-apotheke.at\/katalog\/wp-json\/wp\/v2\/types\/product"}],"wp:attachment":[{"href":"https:\/\/www.ernstbrunn-apotheke.at\/katalog\/wp-json\/wp\/v2\/media?parent=70503"}],"wp:term":[{"taxonomy":"product_brand","embeddable":true,"href":"https:\/\/www.ernstbrunn-apotheke.at\/katalog\/wp-json\/wp\/v2\/product_brand?post=70503"},{"taxonomy":"product_cat","embeddable":true,"href":"https:\/\/www.ernstbrunn-apotheke.at\/katalog\/wp-json\/wp\/v2\/product_cat?post=70503"},{"taxonomy":"product_tag","embeddable":true,"href":"https:\/\/www.ernstbrunn-apotheke.at\/katalog\/wp-json\/wp\/v2\/product_tag?post=70503"}],"curies":[{"name":"wp","href":"https:\/\/api.w.org\/{rel}","templated":true}]}}