{"id":70096,"date":"2025-11-11T18:59:05","date_gmt":"2025-11-11T17:59:05","guid":{"rendered":"https:\/\/www.ernstbrunn-apotheke.at\/katalog\/produkt\/alpecin-sport-coffein-ctx-shampoo-250-ml\/"},"modified":"2025-12-08T18:11:04","modified_gmt":"2025-12-08T17:11:04","slug":"alpecin-sport-coffein-ctx-shampoo-250-ml","status":"publish","type":"product","link":"https:\/\/www.ernstbrunn-apotheke.at\/katalog\/produkt\/alpecin-sport-coffein-ctx-shampoo-250-ml\/","title":{"rendered":"Alpecin Sport Coffein-CTX Shampoo 250 ml"},"content":{"rendered":"<p>Mag. Pfeiffers Slim P sind rein pflanzliche Nahrungserg\u00e4nzungsmittel zur Unterst\u00fctzung des Energiestoffwechsels, der Schilddr\u00fcsenaktivit\u00e4t und des Blutzuckerspiegels. Neben den Pflanzenstoffen Gr\u00fcner Tee und Grapefruitkernextrakt enthalten sie zus\u00e4tzlich noch den Bitterstoff Piperin, sowie wertvolles Vitamin C, das einen gesunden Energiestoffwechsel f\u00f6rdert. Zus\u00e4tzlich sind die Kapseln angereichhert mit Jod f\u00fcr eine einwandfreie Schilddr\u00fcsenfunktion und mit Chrom zur Normalisierung des Blutzuckerspiegels, um Hei\u00dfhungerattaken auf Kohlenhydrate und S\u00fc\u00dfes zu verhindern. einfach.sicher.g\u00fcnstig.<\/p>\n","protected":false},"excerpt":{"rendered":"<p>Mag. Pfeiffers Slim P sind rein pflanzliche Nahrungserg\u00e4nzungsmittel zur Unterst\u00fctzung des Energiestoffwechsels, der Schilddr\u00fcsenaktivit\u00e4t und des Blutzuckerspiegels. Neben den Pflanzenstoffen Gr\u00fcner Tee und Grapefruitkernextrakt enthalten sie zus\u00e4tzlich noch den Bitterstoff Piperin, sowie wertvolles Vitamin C, das einen gesunden Energiestoffwechsel f\u00f6rdert. Zus\u00e4tzlich sind die Kapseln angereichhert mit Jod f\u00fcr eine einwandfreie Schilddr\u00fcsenfunktion und mit Chrom zur [&hellip;]<\/p>\n","protected":false},"featured_media":0,"template":"","meta":{"_acf_changed":false},"product_brand":[717],"product_cat":[801],"product_tag":[],"class_list":{"0":"post-70096","1":"product","2":"type-product","3":"status-publish","5":"product_brand-alpecin","6":"product_cat-a","7":"pa_packungsgroesse-250ml","9":"first","10":"instock","11":"shipping-taxable","12":"purchasable","13":"product-type-simple"},"acf":[],"_links":{"self":[{"href":"https:\/\/www.ernstbrunn-apotheke.at\/katalog\/wp-json\/wp\/v2\/product\/70096","targetHints":{"allow":["GET"]}}],"collection":[{"href":"https:\/\/www.ernstbrunn-apotheke.at\/katalog\/wp-json\/wp\/v2\/product"}],"about":[{"href":"https:\/\/www.ernstbrunn-apotheke.at\/katalog\/wp-json\/wp\/v2\/types\/product"}],"wp:attachment":[{"href":"https:\/\/www.ernstbrunn-apotheke.at\/katalog\/wp-json\/wp\/v2\/media?parent=70096"}],"wp:term":[{"taxonomy":"product_brand","embeddable":true,"href":"https:\/\/www.ernstbrunn-apotheke.at\/katalog\/wp-json\/wp\/v2\/product_brand?post=70096"},{"taxonomy":"product_cat","embeddable":true,"href":"https:\/\/www.ernstbrunn-apotheke.at\/katalog\/wp-json\/wp\/v2\/product_cat?post=70096"},{"taxonomy":"product_tag","embeddable":true,"href":"https:\/\/www.ernstbrunn-apotheke.at\/katalog\/wp-json\/wp\/v2\/product_tag?post=70096"}],"curies":[{"name":"wp","href":"https:\/\/api.w.org\/{rel}","templated":true}]}}