{"id":70045,"date":"2025-11-11T18:57:46","date_gmt":"2025-11-11T17:57:46","guid":{"rendered":"https:\/\/www.ernstbrunn-apotheke.at\/katalog\/produkt\/kneipp-sekunden-handcreme-nagelpflege-75-ml\/"},"modified":"2025-12-08T18:10:50","modified_gmt":"2025-12-08T17:10:50","slug":"kneipp-sekunden-handcreme-nagelpflege-75-ml","status":"publish","type":"product","link":"https:\/\/www.ernstbrunn-apotheke.at\/katalog\/produkt\/kneipp-sekunden-handcreme-nagelpflege-75-ml\/","title":{"rendered":"Kneipp Sekunden Handcreme + Nagelpflege 75 ml"},"content":{"rendered":"<p>Kneipp Sekunden Handcreme + Nagelpflege 75 ml mit wertvoller Avocadobutter, Jojoba\u00f6l und Zitronenverbene pflegt die H\u00e4nde sp\u00fcrbar zart und geschmeidig \u2013 ohne ein klebriges Gef\u00fchl zu hinterlassen. Der vitalisierende Duft belebt die Sinne &#8211; dieses und viele weitere Markenprodukte zu Sonderpreisen bestellen!<\/p>\n","protected":false},"excerpt":{"rendered":"<p>Kneipp Sekunden Handcreme + Nagelpflege 75 ml mit wertvoller Avocadobutter, Jojoba\u00f6l und Zitronenverbene pflegt die H\u00e4nde sp\u00fcrbar zart und geschmeidig \u2013 ohne ein klebriges Gef\u00fchl zu hinterlassen. Der vitalisierende Duft belebt die Sinne &#8211; dieses und viele weitere Markenprodukte zu Sonderpreisen bestellen!<\/p>\n","protected":false},"featured_media":70047,"template":"","meta":{"_acf_changed":false},"product_brand":[662],"product_cat":[807],"product_tag":[],"class_list":{"0":"post-70045","1":"product","2":"type-product","3":"status-publish","4":"has-post-thumbnail","6":"product_brand-kneipp","7":"product_cat-k","8":"pa_packungsgroesse-75ml","10":"first","11":"instock","12":"shipping-taxable","13":"purchasable","14":"product-type-simple"},"acf":[],"_links":{"self":[{"href":"https:\/\/www.ernstbrunn-apotheke.at\/katalog\/wp-json\/wp\/v2\/product\/70045","targetHints":{"allow":["GET"]}}],"collection":[{"href":"https:\/\/www.ernstbrunn-apotheke.at\/katalog\/wp-json\/wp\/v2\/product"}],"about":[{"href":"https:\/\/www.ernstbrunn-apotheke.at\/katalog\/wp-json\/wp\/v2\/types\/product"}],"wp:featuredmedia":[{"embeddable":true,"href":"https:\/\/www.ernstbrunn-apotheke.at\/katalog\/wp-json\/wp\/v2\/media\/70047"}],"wp:attachment":[{"href":"https:\/\/www.ernstbrunn-apotheke.at\/katalog\/wp-json\/wp\/v2\/media?parent=70045"}],"wp:term":[{"taxonomy":"product_brand","embeddable":true,"href":"https:\/\/www.ernstbrunn-apotheke.at\/katalog\/wp-json\/wp\/v2\/product_brand?post=70045"},{"taxonomy":"product_cat","embeddable":true,"href":"https:\/\/www.ernstbrunn-apotheke.at\/katalog\/wp-json\/wp\/v2\/product_cat?post=70045"},{"taxonomy":"product_tag","embeddable":true,"href":"https:\/\/www.ernstbrunn-apotheke.at\/katalog\/wp-json\/wp\/v2\/product_tag?post=70045"}],"curies":[{"name":"wp","href":"https:\/\/api.w.org\/{rel}","templated":true}]}}