{"id":69452,"date":"2025-11-11T18:46:29","date_gmt":"2025-11-11T17:46:29","guid":{"rendered":"https:\/\/www.ernstbrunn-apotheke.at\/katalog\/produkt\/insect-out-mottennebel\/"},"modified":"2025-12-08T18:07:36","modified_gmt":"2025-12-08T17:07:36","slug":"insect-out-mottennebel","status":"publish","type":"product","link":"https:\/\/www.ernstbrunn-apotheke.at\/katalog\/produkt\/insect-out-mottennebel\/","title":{"rendered":"Insect Out Mottennebel"},"content":{"rendered":"<p>Beihartn\u00e4ckigem und gro\u00dffl\u00e4chigem Mottenbefall von Innenr\u00e4umen ist eine Doseausreichend f\u00fcr bis zu 300m\u00b3. Nach Entriegelung einer Dose muss der Raumverlassen werden. Einwirkzeit am besten \u00fcber Nacht, nach ausreichendem L\u00fcftenk\u00f6nnen die R\u00e4ume wieder benutzt werden. Auch f\u00fcr Lebensmittelbetriebe geeignet.Wiederbehandlung nach 4 bis 6 Wochen wird empfohlen, um nachschl\u00fcpfende Brut zuvernichten.<\/p>\n","protected":false},"excerpt":{"rendered":"<p>Beihartn\u00e4ckigem und gro\u00dffl\u00e4chigem Mottenbefall von Innenr\u00e4umen ist eine Doseausreichend f\u00fcr bis zu 300m\u00b3. Nach Entriegelung einer Dose muss der Raumverlassen werden. Einwirkzeit am besten \u00fcber Nacht, nach ausreichendem L\u00fcftenk\u00f6nnen die R\u00e4ume wieder benutzt werden. Auch f\u00fcr Lebensmittelbetriebe geeignet.Wiederbehandlung nach 4 bis 6 Wochen wird empfohlen, um nachschl\u00fcpfende Brut zuvernichten.<\/p>\n","protected":false},"featured_media":69454,"template":"","meta":{"_acf_changed":false},"product_brand":[],"product_cat":[823],"product_tag":[],"class_list":{"0":"post-69452","1":"product","2":"type-product","3":"status-publish","4":"has-post-thumbnail","6":"product_cat-i","7":"pa_packungsgroesse-150ml","9":"first","10":"instock","11":"shipping-taxable","12":"purchasable","13":"product-type-simple"},"acf":[],"_links":{"self":[{"href":"https:\/\/www.ernstbrunn-apotheke.at\/katalog\/wp-json\/wp\/v2\/product\/69452","targetHints":{"allow":["GET"]}}],"collection":[{"href":"https:\/\/www.ernstbrunn-apotheke.at\/katalog\/wp-json\/wp\/v2\/product"}],"about":[{"href":"https:\/\/www.ernstbrunn-apotheke.at\/katalog\/wp-json\/wp\/v2\/types\/product"}],"wp:featuredmedia":[{"embeddable":true,"href":"https:\/\/www.ernstbrunn-apotheke.at\/katalog\/wp-json\/wp\/v2\/media\/69454"}],"wp:attachment":[{"href":"https:\/\/www.ernstbrunn-apotheke.at\/katalog\/wp-json\/wp\/v2\/media?parent=69452"}],"wp:term":[{"taxonomy":"product_brand","embeddable":true,"href":"https:\/\/www.ernstbrunn-apotheke.at\/katalog\/wp-json\/wp\/v2\/product_brand?post=69452"},{"taxonomy":"product_cat","embeddable":true,"href":"https:\/\/www.ernstbrunn-apotheke.at\/katalog\/wp-json\/wp\/v2\/product_cat?post=69452"},{"taxonomy":"product_tag","embeddable":true,"href":"https:\/\/www.ernstbrunn-apotheke.at\/katalog\/wp-json\/wp\/v2\/product_tag?post=69452"}],"curies":[{"name":"wp","href":"https:\/\/api.w.org\/{rel}","templated":true}]}}