{"id":69447,"date":"2025-11-11T18:46:29","date_gmt":"2025-11-11T17:46:29","guid":{"rendered":"https:\/\/www.ernstbrunn-apotheke.at\/katalog\/produkt\/weleda-glatt-kur-ampullen-wildrose-7-stk\/"},"modified":"2025-12-08T18:07:34","modified_gmt":"2025-12-08T17:07:34","slug":"weleda-glatt-kur-ampullen-wildrose-7-stk","status":"publish","type":"product","link":"https:\/\/www.ernstbrunn-apotheke.at\/katalog\/produkt\/weleda-glatt-kur-ampullen-wildrose-7-stk\/","title":{"rendered":"Weleda Glatt Kur Ampullen Wildrose 7 Stk."},"content":{"rendered":"<p>Weleda Glatt Kur Ampullen aus feinsten Pflanzen\u00f6len sind eine Wohltat, besonders f\u00fcr gestresste Haut. In kurzer Zeit unterst\u00fctzt die intensive, hautversch\u00f6nernde \u00d6l-Pflege die hauteigenen Erneuerungsprozesse. Sie bewahrt die Elastizit\u00e4t der Haut und mindert erste F\u00e4ltchen. Wirksamkeit und Vertr\u00e4glichkeit wurden dermatologisch best\u00e4tigt.<\/p>\n","protected":false},"excerpt":{"rendered":"<p>Weleda Glatt Kur Ampullen aus feinsten Pflanzen\u00f6len sind eine Wohltat, besonders f\u00fcr gestresste Haut. In kurzer Zeit unterst\u00fctzt die intensive, hautversch\u00f6nernde \u00d6l-Pflege die hauteigenen Erneuerungsprozesse. Sie bewahrt die Elastizit\u00e4t der Haut und mindert erste F\u00e4ltchen. Wirksamkeit und Vertr\u00e4glichkeit wurden dermatologisch best\u00e4tigt.<\/p>\n","protected":false},"featured_media":69449,"template":"","meta":{"_acf_changed":false},"product_brand":[567],"product_cat":[796],"product_tag":[],"class_list":{"0":"post-69447","1":"product","2":"type-product","3":"status-publish","4":"has-post-thumbnail","6":"product_brand-weleda","7":"product_cat-w","8":"pa_packungsgroesse-7-stueck","10":"first","11":"instock","12":"shipping-taxable","13":"purchasable","14":"product-type-simple"},"acf":[],"_links":{"self":[{"href":"https:\/\/www.ernstbrunn-apotheke.at\/katalog\/wp-json\/wp\/v2\/product\/69447","targetHints":{"allow":["GET"]}}],"collection":[{"href":"https:\/\/www.ernstbrunn-apotheke.at\/katalog\/wp-json\/wp\/v2\/product"}],"about":[{"href":"https:\/\/www.ernstbrunn-apotheke.at\/katalog\/wp-json\/wp\/v2\/types\/product"}],"wp:featuredmedia":[{"embeddable":true,"href":"https:\/\/www.ernstbrunn-apotheke.at\/katalog\/wp-json\/wp\/v2\/media\/69449"}],"wp:attachment":[{"href":"https:\/\/www.ernstbrunn-apotheke.at\/katalog\/wp-json\/wp\/v2\/media?parent=69447"}],"wp:term":[{"taxonomy":"product_brand","embeddable":true,"href":"https:\/\/www.ernstbrunn-apotheke.at\/katalog\/wp-json\/wp\/v2\/product_brand?post=69447"},{"taxonomy":"product_cat","embeddable":true,"href":"https:\/\/www.ernstbrunn-apotheke.at\/katalog\/wp-json\/wp\/v2\/product_cat?post=69447"},{"taxonomy":"product_tag","embeddable":true,"href":"https:\/\/www.ernstbrunn-apotheke.at\/katalog\/wp-json\/wp\/v2\/product_tag?post=69447"}],"curies":[{"name":"wp","href":"https:\/\/api.w.org\/{rel}","templated":true}]}}