{"id":68852,"date":"2025-11-11T18:34:44","date_gmt":"2025-11-11T17:34:44","guid":{"rendered":"https:\/\/www.ernstbrunn-apotheke.at\/katalog\/produkt\/helfe-kaesepappel-extrakt-200-ml\/"},"modified":"2025-12-08T18:04:28","modified_gmt":"2025-12-08T17:04:28","slug":"helfe-kaesepappel-extrakt-200-ml","status":"publish","type":"product","link":"https:\/\/www.ernstbrunn-apotheke.at\/katalog\/produkt\/helfe-kaesepappel-extrakt-200-ml\/","title":{"rendered":"HELFE K\u00e4sepappel Extrakt 200 ml"},"content":{"rendered":"<p>Der HELFE K\u00e4sepappelextrakt pflegt entz\u00fcndliche Prozesse der Haut intensiv, ohne diese weiter zu beanspruchen oder auszutrocknen. Durch die schonende Extraktion der wertvollen, hautberuhigenden Inhaltsstoffe in der K\u00e4sepappel &#8211; auch wilde Malve genannt &#8211; wird mit dem HELFE K\u00e4sepappelextrakt eine maximale kosmetische Wirkung f\u00fcr die Haut erzielt.\u00a0<\/p>\n<p>&#13;<\/p>\n<p><strong>Wirkung:<\/strong><\/p>\n<p>&#13;<\/p>\n<ul>&#13;<\/p>\n<li>Beruhigend,<\/li>\n<p>&#13;<\/p>\n<li>Unterst\u00fctzend bei oberfl\u00e4chlichen Hautirritationen<\/li>\n<p>&#13;\n<\/ul>\n","protected":false},"excerpt":{"rendered":"<p>Der HELFE K\u00e4sepappelextrakt pflegt entz\u00fcndliche Prozesse der Haut intensiv, ohne diese weiter zu beanspruchen oder auszutrocknen. Durch die schonende Extraktion der wertvollen, hautberuhigenden Inhaltsstoffe in der K\u00e4sepappel &#8211; auch wilde Malve genannt &#8211; wird mit dem HELFE K\u00e4sepappelextrakt eine maximale kosmetische Wirkung f\u00fcr die Haut erzielt.\u00a0 &#13; Wirkung: &#13; &#13; Beruhigend, &#13; Unterst\u00fctzend bei oberfl\u00e4chlichen [&hellip;]<\/p>\n","protected":false},"featured_media":68854,"template":"","meta":{"_acf_changed":false},"product_brand":[655],"product_cat":[805],"product_tag":[],"class_list":{"0":"post-68852","1":"product","2":"type-product","3":"status-publish","4":"has-post-thumbnail","6":"product_brand-helfe","7":"product_cat-h","8":"pa_packungsgroesse-200ml","10":"first","11":"instock","12":"shipping-taxable","13":"purchasable","14":"product-type-simple"},"acf":[],"_links":{"self":[{"href":"https:\/\/www.ernstbrunn-apotheke.at\/katalog\/wp-json\/wp\/v2\/product\/68852","targetHints":{"allow":["GET"]}}],"collection":[{"href":"https:\/\/www.ernstbrunn-apotheke.at\/katalog\/wp-json\/wp\/v2\/product"}],"about":[{"href":"https:\/\/www.ernstbrunn-apotheke.at\/katalog\/wp-json\/wp\/v2\/types\/product"}],"wp:featuredmedia":[{"embeddable":true,"href":"https:\/\/www.ernstbrunn-apotheke.at\/katalog\/wp-json\/wp\/v2\/media\/68854"}],"wp:attachment":[{"href":"https:\/\/www.ernstbrunn-apotheke.at\/katalog\/wp-json\/wp\/v2\/media?parent=68852"}],"wp:term":[{"taxonomy":"product_brand","embeddable":true,"href":"https:\/\/www.ernstbrunn-apotheke.at\/katalog\/wp-json\/wp\/v2\/product_brand?post=68852"},{"taxonomy":"product_cat","embeddable":true,"href":"https:\/\/www.ernstbrunn-apotheke.at\/katalog\/wp-json\/wp\/v2\/product_cat?post=68852"},{"taxonomy":"product_tag","embeddable":true,"href":"https:\/\/www.ernstbrunn-apotheke.at\/katalog\/wp-json\/wp\/v2\/product_tag?post=68852"}],"curies":[{"name":"wp","href":"https:\/\/api.w.org\/{rel}","templated":true}]}}