{"id":68748,"date":"2025-11-11T18:33:38","date_gmt":"2025-11-11T17:33:38","guid":{"rendered":"https:\/\/www.ernstbrunn-apotheke.at\/katalog\/produkt\/tena-inkontinenz-flex-plus-30-stk-large\/"},"modified":"2025-12-08T18:04:03","modified_gmt":"2025-12-08T17:04:03","slug":"tena-inkontinenz-flex-plus-30-stk-large","status":"publish","type":"product","link":"https:\/\/www.ernstbrunn-apotheke.at\/katalog\/produkt\/tena-inkontinenz-flex-plus-30-stk-large\/","title":{"rendered":"Tena Inkontinenz Flex Plus 30 Stk. Large"},"content":{"rendered":"<p>Tena Inkontinenz Flex Plus ist eine Vorlage mit H\u00fcftbund f\u00fcr ergonomische und einfache Handhabung, einem komfortablen, diskreten Sitz und zus\u00e4tzlicher Saugst\u00e4rke. Mit dem atmungsaktiven Material und der speziellen Oberfl\u00e4cheist sie besonders hautfreundlich und bequem.<\/p>\n","protected":false},"excerpt":{"rendered":"<p>Tena Inkontinenz Flex Plus ist eine Vorlage mit H\u00fcftbund f\u00fcr ergonomische und einfache Handhabung, einem komfortablen, diskreten Sitz und zus\u00e4tzlicher Saugst\u00e4rke. Mit dem atmungsaktiven Material und der speziellen Oberfl\u00e4cheist sie besonders hautfreundlich und bequem.<\/p>\n","protected":false},"featured_media":68750,"template":"","meta":{"_acf_changed":false},"product_brand":[970],"product_cat":[798],"product_tag":[],"class_list":{"0":"post-68748","1":"product","2":"type-product","3":"status-publish","4":"has-post-thumbnail","6":"product_brand-tena","7":"product_cat-t","8":"pa_packungsgroesse-30-stueck","10":"first","11":"instock","12":"shipping-taxable","13":"purchasable","14":"product-type-simple"},"acf":[],"_links":{"self":[{"href":"https:\/\/www.ernstbrunn-apotheke.at\/katalog\/wp-json\/wp\/v2\/product\/68748","targetHints":{"allow":["GET"]}}],"collection":[{"href":"https:\/\/www.ernstbrunn-apotheke.at\/katalog\/wp-json\/wp\/v2\/product"}],"about":[{"href":"https:\/\/www.ernstbrunn-apotheke.at\/katalog\/wp-json\/wp\/v2\/types\/product"}],"wp:featuredmedia":[{"embeddable":true,"href":"https:\/\/www.ernstbrunn-apotheke.at\/katalog\/wp-json\/wp\/v2\/media\/68750"}],"wp:attachment":[{"href":"https:\/\/www.ernstbrunn-apotheke.at\/katalog\/wp-json\/wp\/v2\/media?parent=68748"}],"wp:term":[{"taxonomy":"product_brand","embeddable":true,"href":"https:\/\/www.ernstbrunn-apotheke.at\/katalog\/wp-json\/wp\/v2\/product_brand?post=68748"},{"taxonomy":"product_cat","embeddable":true,"href":"https:\/\/www.ernstbrunn-apotheke.at\/katalog\/wp-json\/wp\/v2\/product_cat?post=68748"},{"taxonomy":"product_tag","embeddable":true,"href":"https:\/\/www.ernstbrunn-apotheke.at\/katalog\/wp-json\/wp\/v2\/product_tag?post=68748"}],"curies":[{"name":"wp","href":"https:\/\/api.w.org\/{rel}","templated":true}]}}