{"id":68686,"date":"2025-11-11T18:32:38","date_gmt":"2025-11-11T17:32:38","guid":{"rendered":"https:\/\/www.ernstbrunn-apotheke.at\/katalog\/produkt\/medipharma-cosmetics-hautrein-klaerende-spezialpflege-20-ml\/"},"modified":"2025-12-08T18:03:45","modified_gmt":"2025-12-08T17:03:45","slug":"medipharma-cosmetics-hautrein-klaerende-spezialpflege-20-ml","status":"publish","type":"product","link":"https:\/\/www.ernstbrunn-apotheke.at\/katalog\/produkt\/medipharma-cosmetics-hautrein-klaerende-spezialpflege-20-ml\/","title":{"rendered":"Medipharma Cosmetics Hautrein kl\u00e4rende Spezialpflege 20 ml"},"content":{"rendered":"<p>Medipharma Cosmetics Hautrein Kl\u00e4rende Spezialpflege wirkt antibakteriell bei Hautunreinheiten. Die Wirkkombination mit Glycols\u00e4ure kl\u00e4rt Hautunreinheiten und verfeinert die Hautporen. Die Spezialpflege wirkt leicht mattierend und reguliert die Talgproduktion. F\u00fcr einen ebenm\u00e4\u00dfig gepflegten Teint.<\/p>\n","protected":false},"excerpt":{"rendered":"<p>Medipharma Cosmetics Hautrein Kl\u00e4rende Spezialpflege wirkt antibakteriell bei Hautunreinheiten. Die Wirkkombination mit Glycols\u00e4ure kl\u00e4rt Hautunreinheiten und verfeinert die Hautporen. Die Spezialpflege wirkt leicht mattierend und reguliert die Talgproduktion. F\u00fcr einen ebenm\u00e4\u00dfig gepflegten Teint.<\/p>\n","protected":false},"featured_media":68688,"template":"","meta":{"_acf_changed":false},"product_brand":[],"product_cat":[800],"product_tag":[],"class_list":{"0":"post-68686","1":"product","2":"type-product","3":"status-publish","4":"has-post-thumbnail","6":"product_cat-m","7":"pa_packungsgroesse-20ml","9":"first","10":"instock","11":"shipping-taxable","12":"purchasable","13":"product-type-simple"},"acf":[],"_links":{"self":[{"href":"https:\/\/www.ernstbrunn-apotheke.at\/katalog\/wp-json\/wp\/v2\/product\/68686","targetHints":{"allow":["GET"]}}],"collection":[{"href":"https:\/\/www.ernstbrunn-apotheke.at\/katalog\/wp-json\/wp\/v2\/product"}],"about":[{"href":"https:\/\/www.ernstbrunn-apotheke.at\/katalog\/wp-json\/wp\/v2\/types\/product"}],"wp:featuredmedia":[{"embeddable":true,"href":"https:\/\/www.ernstbrunn-apotheke.at\/katalog\/wp-json\/wp\/v2\/media\/68688"}],"wp:attachment":[{"href":"https:\/\/www.ernstbrunn-apotheke.at\/katalog\/wp-json\/wp\/v2\/media?parent=68686"}],"wp:term":[{"taxonomy":"product_brand","embeddable":true,"href":"https:\/\/www.ernstbrunn-apotheke.at\/katalog\/wp-json\/wp\/v2\/product_brand?post=68686"},{"taxonomy":"product_cat","embeddable":true,"href":"https:\/\/www.ernstbrunn-apotheke.at\/katalog\/wp-json\/wp\/v2\/product_cat?post=68686"},{"taxonomy":"product_tag","embeddable":true,"href":"https:\/\/www.ernstbrunn-apotheke.at\/katalog\/wp-json\/wp\/v2\/product_tag?post=68686"}],"curies":[{"name":"wp","href":"https:\/\/api.w.org\/{rel}","templated":true}]}}