{"id":68580,"date":"2025-11-11T18:29:31","date_gmt":"2025-11-11T17:29:31","guid":{"rendered":"https:\/\/www.ernstbrunn-apotheke.at\/katalog\/produkt\/melasan-ferrocaps-sport-kapseln-90-stk\/"},"modified":"2025-12-08T18:03:13","modified_gmt":"2025-12-08T17:03:13","slug":"melasan-ferrocaps-sport-kapseln-90-stk","status":"publish","type":"product","link":"https:\/\/www.ernstbrunn-apotheke.at\/katalog\/produkt\/melasan-ferrocaps-sport-kapseln-90-stk\/","title":{"rendered":"Melasan Ferrocaps Sport Kapseln 90 Stk."},"content":{"rendered":"<p>Melasan Ferrocaps Sport Kapseln 90 Stk. unterst\u00fctzen den Sauerstofftransport sowie den Energiestoffwechsel und sind somit f\u00fcr die Leistungsf\u00e4higkeit von Sportlern unerl\u00e4sslich. Sie verf\u00fcgen \u00fcber beste Bioverf\u00fcgbarkeit und stellen somit eine exzellente Aufnahmen von Eisen sicher. Das enthaltene Eisen-bisglycinat, eine organische Eisenverbindung, weist unter allen Eisenquellen die h\u00f6chste Verwertbarkeit auf und verursacht keine der typischen Verdauungsprobleme von Eisenpr\u00e4paraten.<\/p>\n","protected":false},"excerpt":{"rendered":"<p>Melasan Ferrocaps Sport Kapseln 90 Stk. unterst\u00fctzen den Sauerstofftransport sowie den Energiestoffwechsel und sind somit f\u00fcr die Leistungsf\u00e4higkeit von Sportlern unerl\u00e4sslich. Sie verf\u00fcgen \u00fcber beste Bioverf\u00fcgbarkeit und stellen somit eine exzellente Aufnahmen von Eisen sicher. Das enthaltene Eisen-bisglycinat, eine organische Eisenverbindung, weist unter allen Eisenquellen die h\u00f6chste Verwertbarkeit auf und verursacht keine der typischen Verdauungsprobleme [&hellip;]<\/p>\n","protected":false},"featured_media":0,"template":"","meta":{"_acf_changed":false},"product_brand":[373],"product_cat":[800],"product_tag":[],"class_list":{"0":"post-68580","1":"product","2":"type-product","3":"status-publish","5":"product_brand-melasan","6":"product_cat-m","7":"pa_packungsgroesse-90-stueck","9":"first","10":"instock","11":"shipping-taxable","12":"purchasable","13":"product-type-simple"},"acf":[],"_links":{"self":[{"href":"https:\/\/www.ernstbrunn-apotheke.at\/katalog\/wp-json\/wp\/v2\/product\/68580","targetHints":{"allow":["GET"]}}],"collection":[{"href":"https:\/\/www.ernstbrunn-apotheke.at\/katalog\/wp-json\/wp\/v2\/product"}],"about":[{"href":"https:\/\/www.ernstbrunn-apotheke.at\/katalog\/wp-json\/wp\/v2\/types\/product"}],"wp:attachment":[{"href":"https:\/\/www.ernstbrunn-apotheke.at\/katalog\/wp-json\/wp\/v2\/media?parent=68580"}],"wp:term":[{"taxonomy":"product_brand","embeddable":true,"href":"https:\/\/www.ernstbrunn-apotheke.at\/katalog\/wp-json\/wp\/v2\/product_brand?post=68580"},{"taxonomy":"product_cat","embeddable":true,"href":"https:\/\/www.ernstbrunn-apotheke.at\/katalog\/wp-json\/wp\/v2\/product_cat?post=68580"},{"taxonomy":"product_tag","embeddable":true,"href":"https:\/\/www.ernstbrunn-apotheke.at\/katalog\/wp-json\/wp\/v2\/product_tag?post=68580"}],"curies":[{"name":"wp","href":"https:\/\/api.w.org\/{rel}","templated":true}]}}