{"id":68441,"date":"2025-11-11T18:27:08","date_gmt":"2025-11-11T17:27:08","guid":{"rendered":"https:\/\/www.ernstbrunn-apotheke.at\/katalog\/produkt\/nicapur-nutricoach-wechseljahre-30-stk\/"},"modified":"2025-12-08T18:02:43","modified_gmt":"2025-12-08T17:02:43","slug":"nicapur-nutricoach-wechseljahre-30-stk","status":"publish","type":"product","link":"https:\/\/www.ernstbrunn-apotheke.at\/katalog\/produkt\/nicapur-nutricoach-wechseljahre-30-stk\/","title":{"rendered":"Nicapur NutriCoach Wechseljahre 30 Stk."},"content":{"rendered":"<p>Nicapur NutriCoach Wechseljahre ist ein Nahrungserg\u00e4nzungsmittel zur Unterst\u00fctzung in den Wechseljahren auf ganz nat\u00fcrliche Art und Weise. Bestimmte Vitamine wie Vitamin C, B6 und B12, Fols\u00e4ure und Magnesium helfen M\u00fcdigkeit und Abgeschlagenheit zu verringern. Vitamin B6 ist zudem direkt an der Regulation der Hormont\u00e4tigkeit beteiligt und kann somit dazu beitragen, ein hormonelles Gleichgewicht wiederherzustellen. Salbei, als wertgebender Inhaltsstoff, wird aufgrund seiner Eigenschaften seit Jahrtausenden mit gutem Grund nicht nur in der K\u00fcche verwendet. Der Extrakt dieser weltweit gesch\u00e4tzten Pflanze hilft \u00fcberm\u00e4\u00dfiges Schwitzen und Schwei\u00dfausbr\u00fcche zu verringern und leistet deshalb einen wertvollen Beitrag zum Wohlbefinden in den Wechseljahren. Dar\u00fcber hinaus enth\u00e4lt NutriCoach\u00ae Wechseljahre Isoflavonoide aus Soja und Rotklee, welche hochwertige sekund\u00e4re Pflanzenstoffe darstellen.<\/p>\n","protected":false},"excerpt":{"rendered":"<p>Nicapur NutriCoach Wechseljahre ist ein Nahrungserg\u00e4nzungsmittel zur Unterst\u00fctzung in den Wechseljahren auf ganz nat\u00fcrliche Art und Weise. Bestimmte Vitamine wie Vitamin C, B6 und B12, Fols\u00e4ure und Magnesium helfen M\u00fcdigkeit und Abgeschlagenheit zu verringern. Vitamin B6 ist zudem direkt an der Regulation der Hormont\u00e4tigkeit beteiligt und kann somit dazu beitragen, ein hormonelles Gleichgewicht wiederherzustellen. Salbei, [&hellip;]<\/p>\n","protected":false},"featured_media":68443,"template":"","meta":{"_acf_changed":false},"product_brand":[352],"product_cat":[797],"product_tag":[],"class_list":{"0":"post-68441","1":"product","2":"type-product","3":"status-publish","4":"has-post-thumbnail","6":"product_brand-nicapur","7":"product_cat-n","8":"pa_packungsgroesse-30-stueck","10":"first","11":"instock","12":"shipping-taxable","13":"purchasable","14":"product-type-simple"},"acf":[],"_links":{"self":[{"href":"https:\/\/www.ernstbrunn-apotheke.at\/katalog\/wp-json\/wp\/v2\/product\/68441","targetHints":{"allow":["GET"]}}],"collection":[{"href":"https:\/\/www.ernstbrunn-apotheke.at\/katalog\/wp-json\/wp\/v2\/product"}],"about":[{"href":"https:\/\/www.ernstbrunn-apotheke.at\/katalog\/wp-json\/wp\/v2\/types\/product"}],"wp:featuredmedia":[{"embeddable":true,"href":"https:\/\/www.ernstbrunn-apotheke.at\/katalog\/wp-json\/wp\/v2\/media\/68443"}],"wp:attachment":[{"href":"https:\/\/www.ernstbrunn-apotheke.at\/katalog\/wp-json\/wp\/v2\/media?parent=68441"}],"wp:term":[{"taxonomy":"product_brand","embeddable":true,"href":"https:\/\/www.ernstbrunn-apotheke.at\/katalog\/wp-json\/wp\/v2\/product_brand?post=68441"},{"taxonomy":"product_cat","embeddable":true,"href":"https:\/\/www.ernstbrunn-apotheke.at\/katalog\/wp-json\/wp\/v2\/product_cat?post=68441"},{"taxonomy":"product_tag","embeddable":true,"href":"https:\/\/www.ernstbrunn-apotheke.at\/katalog\/wp-json\/wp\/v2\/product_tag?post=68441"}],"curies":[{"name":"wp","href":"https:\/\/api.w.org\/{rel}","templated":true}]}}