{"id":68311,"date":"2025-11-11T18:25:15","date_gmt":"2025-11-11T17:25:15","guid":{"rendered":"https:\/\/www.ernstbrunn-apotheke.at\/katalog\/produkt\/vliwaktiv-ag-s-kompressesil-10-stk-10-x-10-cm\/"},"modified":"2025-12-08T18:02:05","modified_gmt":"2025-12-08T17:02:05","slug":"vliwaktiv-ag-s-kompressesil-10-stk-10-x-10-cm","status":"publish","type":"product","link":"https:\/\/www.ernstbrunn-apotheke.at\/katalog\/produkt\/vliwaktiv-ag-s-kompressesil-10-stk-10-x-10-cm\/","title":{"rendered":"Vliwaktiv AG S-Kompresse+SIL 10 Stk. 10 x 10 cm"},"content":{"rendered":"<p>Vliwaktiv AG Saugkompresse mit Silber: Eine hautfreundliche, atmungsaktive Vliesumh\u00fcllung f\u00f6rdert die Weiterleitung des Exsudats in den Saugkern. Die Aktivkohle besitzt die Eigenschaft, Bakterien zu adsorbieren. Der fl\u00fcssigkeitshemmende W\u00e4scheschutz verhindert in hohem Ma\u00dfe das Durchdringen von Exsudat.<\/p>\n","protected":false},"excerpt":{"rendered":"<p>Vliwaktiv AG Saugkompresse mit Silber: Eine hautfreundliche, atmungsaktive Vliesumh\u00fcllung f\u00f6rdert die Weiterleitung des Exsudats in den Saugkern. Die Aktivkohle besitzt die Eigenschaft, Bakterien zu adsorbieren. Der fl\u00fcssigkeitshemmende W\u00e4scheschutz verhindert in hohem Ma\u00dfe das Durchdringen von Exsudat.<\/p>\n","protected":false},"featured_media":68313,"template":"","meta":{"_acf_changed":false},"product_brand":[],"product_cat":[799],"product_tag":[],"class_list":{"0":"post-68311","1":"product","2":"type-product","3":"status-publish","4":"has-post-thumbnail","6":"product_cat-v","7":"pa_packungsgroesse-10-stueck","9":"first","10":"instock","11":"shipping-taxable","12":"purchasable","13":"product-type-simple"},"acf":[],"_links":{"self":[{"href":"https:\/\/www.ernstbrunn-apotheke.at\/katalog\/wp-json\/wp\/v2\/product\/68311","targetHints":{"allow":["GET"]}}],"collection":[{"href":"https:\/\/www.ernstbrunn-apotheke.at\/katalog\/wp-json\/wp\/v2\/product"}],"about":[{"href":"https:\/\/www.ernstbrunn-apotheke.at\/katalog\/wp-json\/wp\/v2\/types\/product"}],"wp:featuredmedia":[{"embeddable":true,"href":"https:\/\/www.ernstbrunn-apotheke.at\/katalog\/wp-json\/wp\/v2\/media\/68313"}],"wp:attachment":[{"href":"https:\/\/www.ernstbrunn-apotheke.at\/katalog\/wp-json\/wp\/v2\/media?parent=68311"}],"wp:term":[{"taxonomy":"product_brand","embeddable":true,"href":"https:\/\/www.ernstbrunn-apotheke.at\/katalog\/wp-json\/wp\/v2\/product_brand?post=68311"},{"taxonomy":"product_cat","embeddable":true,"href":"https:\/\/www.ernstbrunn-apotheke.at\/katalog\/wp-json\/wp\/v2\/product_cat?post=68311"},{"taxonomy":"product_tag","embeddable":true,"href":"https:\/\/www.ernstbrunn-apotheke.at\/katalog\/wp-json\/wp\/v2\/product_tag?post=68311"}],"curies":[{"name":"wp","href":"https:\/\/api.w.org\/{rel}","templated":true}]}}